{"id":50,"date":"2017-02-17T15:36:34","date_gmt":"2017-02-17T14:36:34","guid":{"rendered":"http:\/\/www.eeg-biofeedback-hradec.cz\/eeg\/?page_id=50"},"modified":"2024-01-30T12:05:02","modified_gmt":"2024-01-30T11:05:02","slug":"cenik","status":"publish","type":"page","link":"https:\/\/www.eeg-biofeedback-hradec.cz\/eeg\/cenik\/","title":{"rendered":"Cen\u00edk"},"content":{"rendered":"<h2>Cen\u00edk<\/h2>\n<p><em>EEG Biofeedback slu\u017eby mohou b\u00fdt propl\u00e1ceny \u0161koln\u00edmi fondy \u010di odborov\u00fdmi organizacemi.<\/em><\/p>\n<p><strong>V\u011bnujte d\u00e1rkov\u00e9 pouk\u00e1zky na libovoln\u00e9 slu\u017eby &#8211; sta\u010d\u00ed n\u00e1m zavolat nebo napsat.<\/strong><\/p>\n<div style=\"overflow-x: auto;\">\n<table style=\"width: 100%; min-width: 800px;\">\n<thead>\n<tr>\n<th style=\"width: calc(100% - 300px); min-width: 500px;\">Slu\u017eby EEG Biofeedback<\/th>\n<th style=\"width: 200px;\">P\u0159ibli\u017en\u00e1 doba trv\u00e1n\u00ed<\/th>\n<th style=\"width: 80px;\">Cena<\/th>\n<\/tr>\n<\/thead>\n<tbody>\n<tr>\n<td>Vstupn\u00ed vy\u0161et\u0159en\u00ed EEG Biofeedback \u2013 tr\u00e9nink, pohovor, vyhodnocen\u00ed v\u00fdsledk\u016f<\/td>\n<td>70 minut<\/td>\n<td style=\"text-align: right;\">1 500 K\u010d<\/td>\n<\/tr>\n<tr>\n<td>Tr\u00e9nink EEG Biofeedback<\/td>\n<td>20-50 minut (dle mo\u017enost\u00ed klienta)<\/td>\n<td style=\"text-align: right;\">650 K\u010d<\/td>\n<\/tr>\n<tr>\n<td>Tr\u00e9nink EEG Biofeedback &#8211; speci\u00e1l (pro d\u011bti, kter\u00e9 pot\u0159ebuj\u00ed tr\u00e9novat v m\u00edstnosti sami)<\/td>\n<td>20-50 minut(dle mo\u017enost\u00ed klienta)<\/td>\n<td style=\"text-align: right;\">650 K\u010d<\/td>\n<\/tr>\n<tr>\n<td><strong>V\u00fdhodn\u00fd bal\u00ed\u010dek EEG Biofeedback &#8211; 10 tr\u00e9nink\u016f, rezervace term\u00edn\u016f<\/strong><\/td>\n<td><strong>10 tr\u00e9nink\u016f<\/strong><\/td>\n<td style=\"text-align: right;\"><del>5 000 K\u010d<\/del><br \/>\n4 000 K\u010d<\/td>\n<\/tr>\n<tr>\n<td><strong>Bal\u00ed\u010dek EEG Biofeedback &#8211; 10 tr\u00e9nink\u016f speci\u00e1l, rezervace term\u00edn\u016f<\/strong><\/td>\n<td><strong>10 tr\u00e9nink\u016f<\/strong><\/td>\n<td style=\"text-align: right;\">8 000 K\u010d<\/td>\n<\/tr>\n<tr>\n<td>Zpr\u00e1va (pro \u0161kolsk\u00e9, l\u00e9ka\u0159sk\u00e9 za\u0159\u00edzen\u00ed, soud apod.)<\/td>\n<td><\/td>\n<td style=\"text-align: right;\">500\u00a0K\u010d<\/td>\n<\/tr>\n<\/tbody>\n<\/table>\n<\/div>\n<div style=\"overflow-x: auto;\">\n<table style=\"width: 100%; min-width: 800px;\">\n<thead>\n<tr>\n<th style=\"width: calc(100% - 300px); min-width: 500px;\">Terapeutick\u00e9 slu\u017eby<\/th>\n<th style=\"width: 200px;\">P\u0159ibli\u017en\u00e1 doba trv\u00e1n\u00ed<\/th>\n<th style=\"width: 80px;\">Cena<\/th>\n<\/tr>\n<\/thead>\n<tbody>\n<tr>\n<td>Individu\u00e1ln\u00ed rodinn\u00e1 konstelace podle Berta Hellingera<\/td>\n<td>90 minut<\/td>\n<td style=\"text-align: right;\">1 400 K\u010d<\/td>\n<\/tr>\n<tr>\n<td>Individu\u00e1ln\u00ed terapeutick\u00fd pohovor<\/td>\n<td>90 minut<\/td>\n<td style=\"text-align: right;\">1 400 K\u010d<\/td>\n<\/tr>\n<tr>\n<td>Poradna pro rodi\u010de d\u011bt\u00ed s v\u00fdchovn\u00fdmi a studijn\u00edmi probl\u00e9my<\/td>\n<td>90 minut<\/td>\n<td style=\"text-align: right;\">1 400 K\u010d<\/td>\n<\/tr>\n<tr>\n<td>Pohovor s d\u00edt\u011btem<\/td>\n<td>60 minut<\/td>\n<td style=\"text-align: right;\">600\u00a0K\u010d<\/td>\n<\/tr>\n<tr>\n<td>Terapie ,,Pevn\u00e9 objet\u00ed\u201c podle PhDr. Ji\u0159iny Prekopov\u00e9<\/td>\n<td>90 minut<\/td>\n<td style=\"text-align: right;\">1 400 K\u010d<\/td>\n<\/tr>\n<tr>\n<td>Terapie ,,Cesta\u201c podle Brandon Bays<\/td>\n<td>90 minut<\/td>\n<td style=\"text-align: right;\">1 400 K\u010d<\/td>\n<\/tr>\n<tr>\n<td>P\u00e1rov\u00e1 terapie<\/td>\n<td>90 minut<\/td>\n<td style=\"text-align: right;\">1 400 K\u010d<\/td>\n<\/tr>\n<tr>\n<td>Doprov\u00e1zen\u00ed p\u0159i z\u00e1vislostech<\/td>\n<td>90 minut<\/td>\n<td style=\"text-align: right;\">1 400 K\u010d<\/td>\n<\/tr>\n<tr>\n<td>V\u00fduka a praktick\u00e9 vyu\u017eit\u00ed relaxa\u010dn\u00edch technik<\/td>\n<td>90 minut<\/td>\n<td style=\"text-align: right;\">1 400 K\u010d<\/td>\n<\/tr>\n<\/tbody>\n<\/table>\n<\/div>\n","protected":false},"excerpt":{"rendered":"Cen\u00edk EEG Biofeedback slu\u017eby mohou b\u00fdt propl\u00e1ceny \u0161koln\u00edmi fondy \u010di odborov\u00fdmi organizacemi. V\u011bnujte d\u00e1rkov\u00e9 pouk\u00e1zky na libovoln\u00e9 slu\u017eby &#8211; sta\u010d\u00ed n\u00e1m zavolat nebo napsat. Slu\u017eby EEG Biofeedback P\u0159ibli\u017en\u00e1 doba trv\u00e1n\u00ed Cena Vstupn\u00ed vy\u0161et\u0159en\u00ed EEG Biofeedback \u2013 tr\u00e9nink, pohovor, vyhodnocen\u00ed v\u00fdsledk\u016f 70 minut 1 500 K\u010d Tr\u00e9nink EEG Biofeedback 20-50 minut (dle mo\u017enost\u00ed klienta) 650 K\u010d&#8230; <a class=\"view-article\" href=\"https:\/\/www.eeg-biofeedback-hradec.cz\/eeg\/cenik\/\">View Article<\/a>","protected":false},"author":1,"featured_media":0,"parent":0,"menu_order":0,"comment_status":"closed","ping_status":"closed","template":"","meta":[],"acf":[],"yoast_head":"<!-- This site is optimized with the Yoast SEO plugin v17.7.1 - https:\/\/yoast.com\/wordpress\/plugins\/seo\/ -->\n<meta name=\"robots\" content=\"index, follow, max-snippet:-1, max-image-preview:large, max-video-preview:-1\" \/>\n<link rel=\"canonical\" href=\"https:\/\/www.eeg-biofeedback-hradec.cz\/eeg\/cenik\/\" \/>\n<meta property=\"og:locale\" content=\"cs_CZ\" \/>\n<meta property=\"og:type\" content=\"article\" \/>\n<meta property=\"og:title\" content=\"Cen\u00edk - EEG Biofeedback Hradec Kr\u00e1lov\u00e9\" \/>\n<meta property=\"og:description\" content=\"Cen\u00edk EEG Biofeedback slu\u017eby mohou b\u00fdt propl\u00e1ceny \u0161koln\u00edmi fondy \u010di odborov\u00fdmi organizacemi. V\u011bnujte d\u00e1rkov\u00e9 pouk\u00e1zky na libovoln\u00e9 slu\u017eby &#8211; sta\u010d\u00ed n\u00e1m zavolat nebo napsat. Slu\u017eby EEG Biofeedback P\u0159ibli\u017en\u00e1 doba trv\u00e1n\u00ed Cena Vstupn\u00ed vy\u0161et\u0159en\u00ed EEG Biofeedback \u2013 tr\u00e9nink, pohovor, vyhodnocen\u00ed v\u00fdsledk\u016f 70 minut 1 500 K\u010d Tr\u00e9nink EEG Biofeedback 20-50 minut (dle mo\u017enost\u00ed klienta) 650 K\u010d... View Article\" \/>\n<meta property=\"og:url\" content=\"https:\/\/www.eeg-biofeedback-hradec.cz\/eeg\/cenik\/\" \/>\n<meta property=\"og:site_name\" content=\"EEG Biofeedback Hradec Kr\u00e1lov\u00e9\" \/>\n<meta property=\"article:modified_time\" content=\"2024-01-30T11:05:02+00:00\" \/>\n<meta name=\"twitter:card\" content=\"summary_large_image\" \/>\n<meta name=\"twitter:label1\" content=\"Odhadovan\u00e1 doba \u010dten\u00ed\" \/>\n\t<meta name=\"twitter:data1\" content=\"1 minuta\" \/>\n<script type=\"application\/ld+json\" class=\"yoast-schema-graph\">{\"@context\":\"https:\/\/schema.org\",\"@graph\":[{\"@type\":\"WebSite\",\"@id\":\"https:\/\/www.eeg-biofeedback-hradec.cz\/eeg\/#website\",\"url\":\"https:\/\/www.eeg-biofeedback-hradec.cz\/eeg\/\",\"name\":\"EEG Biofeedback Hradec Kr\\u00e1lov\\u00e9\",\"description\":\"\",\"potentialAction\":[{\"@type\":\"SearchAction\",\"target\":{\"@type\":\"EntryPoint\",\"urlTemplate\":\"https:\/\/www.eeg-biofeedback-hradec.cz\/eeg\/?s={search_term_string}\"},\"query-input\":\"required name=search_term_string\"}],\"inLanguage\":\"cs\"},{\"@type\":\"WebPage\",\"@id\":\"https:\/\/www.eeg-biofeedback-hradec.cz\/eeg\/cenik\/#webpage\",\"url\":\"https:\/\/www.eeg-biofeedback-hradec.cz\/eeg\/cenik\/\",\"name\":\"Cen\\u00edk - EEG Biofeedback Hradec Kr\\u00e1lov\\u00e9\",\"isPartOf\":{\"@id\":\"https:\/\/www.eeg-biofeedback-hradec.cz\/eeg\/#website\"},\"datePublished\":\"2017-02-17T14:36:34+00:00\",\"dateModified\":\"2024-01-30T11:05:02+00:00\",\"breadcrumb\":{\"@id\":\"https:\/\/www.eeg-biofeedback-hradec.cz\/eeg\/cenik\/#breadcrumb\"},\"inLanguage\":\"cs\",\"potentialAction\":[{\"@type\":\"ReadAction\",\"target\":[\"https:\/\/www.eeg-biofeedback-hradec.cz\/eeg\/cenik\/\"]}]},{\"@type\":\"BreadcrumbList\",\"@id\":\"https:\/\/www.eeg-biofeedback-hradec.cz\/eeg\/cenik\/#breadcrumb\",\"itemListElement\":[{\"@type\":\"ListItem\",\"position\":1,\"name\":\"Dom\\u016f\",\"item\":\"https:\/\/www.eeg-biofeedback-hradec.cz\/eeg\/\"},{\"@type\":\"ListItem\",\"position\":2,\"name\":\"Cen\\u00edk\"}]}]}<\/script>\n<!-- \/ Yoast SEO plugin. -->","yoast_head_json":{"robots":{"index":"index","follow":"follow","max-snippet":"max-snippet:-1","max-image-preview":"max-image-preview:large","max-video-preview":"max-video-preview:-1"},"canonical":"https:\/\/www.eeg-biofeedback-hradec.cz\/eeg\/cenik\/","og_locale":"cs_CZ","og_type":"article","og_title":"Cen\u00edk - EEG Biofeedback Hradec Kr\u00e1lov\u00e9","og_description":"Cen\u00edk EEG Biofeedback slu\u017eby mohou b\u00fdt propl\u00e1ceny \u0161koln\u00edmi fondy \u010di odborov\u00fdmi organizacemi. V\u011bnujte d\u00e1rkov\u00e9 pouk\u00e1zky na libovoln\u00e9 slu\u017eby &#8211; sta\u010d\u00ed n\u00e1m zavolat nebo napsat. Slu\u017eby EEG Biofeedback P\u0159ibli\u017en\u00e1 doba trv\u00e1n\u00ed Cena Vstupn\u00ed vy\u0161et\u0159en\u00ed EEG Biofeedback \u2013 tr\u00e9nink, pohovor, vyhodnocen\u00ed v\u00fdsledk\u016f 70 minut 1 500 K\u010d Tr\u00e9nink EEG Biofeedback 20-50 minut (dle mo\u017enost\u00ed klienta) 650 K\u010d... View Article","og_url":"https:\/\/www.eeg-biofeedback-hradec.cz\/eeg\/cenik\/","og_site_name":"EEG Biofeedback Hradec Kr\u00e1lov\u00e9","article_modified_time":"2024-01-30T11:05:02+00:00","twitter_card":"summary_large_image","twitter_misc":{"Odhadovan\u00e1 doba \u010dten\u00ed":"1 minuta"},"schema":{"@context":"https:\/\/schema.org","@graph":[{"@type":"WebSite","@id":"https:\/\/www.eeg-biofeedback-hradec.cz\/eeg\/#website","url":"https:\/\/www.eeg-biofeedback-hradec.cz\/eeg\/","name":"EEG Biofeedback Hradec Kr\u00e1lov\u00e9","description":"","potentialAction":[{"@type":"SearchAction","target":{"@type":"EntryPoint","urlTemplate":"https:\/\/www.eeg-biofeedback-hradec.cz\/eeg\/?s={search_term_string}"},"query-input":"required name=search_term_string"}],"inLanguage":"cs"},{"@type":"WebPage","@id":"https:\/\/www.eeg-biofeedback-hradec.cz\/eeg\/cenik\/#webpage","url":"https:\/\/www.eeg-biofeedback-hradec.cz\/eeg\/cenik\/","name":"Cen\u00edk - EEG Biofeedback Hradec Kr\u00e1lov\u00e9","isPartOf":{"@id":"https:\/\/www.eeg-biofeedback-hradec.cz\/eeg\/#website"},"datePublished":"2017-02-17T14:36:34+00:00","dateModified":"2024-01-30T11:05:02+00:00","breadcrumb":{"@id":"https:\/\/www.eeg-biofeedback-hradec.cz\/eeg\/cenik\/#breadcrumb"},"inLanguage":"cs","potentialAction":[{"@type":"ReadAction","target":["https:\/\/www.eeg-biofeedback-hradec.cz\/eeg\/cenik\/"]}]},{"@type":"BreadcrumbList","@id":"https:\/\/www.eeg-biofeedback-hradec.cz\/eeg\/cenik\/#breadcrumb","itemListElement":[{"@type":"ListItem","position":1,"name":"Dom\u016f","item":"https:\/\/www.eeg-biofeedback-hradec.cz\/eeg\/"},{"@type":"ListItem","position":2,"name":"Cen\u00edk"}]}]}},"_links":{"self":[{"href":"https:\/\/www.eeg-biofeedback-hradec.cz\/eeg\/wp-json\/wp\/v2\/pages\/50"}],"collection":[{"href":"https:\/\/www.eeg-biofeedback-hradec.cz\/eeg\/wp-json\/wp\/v2\/pages"}],"about":[{"href":"https:\/\/www.eeg-biofeedback-hradec.cz\/eeg\/wp-json\/wp\/v2\/types\/page"}],"author":[{"embeddable":true,"href":"https:\/\/www.eeg-biofeedback-hradec.cz\/eeg\/wp-json\/wp\/v2\/users\/1"}],"replies":[{"embeddable":true,"href":"https:\/\/www.eeg-biofeedback-hradec.cz\/eeg\/wp-json\/wp\/v2\/comments?post=50"}],"version-history":[{"count":28,"href":"https:\/\/www.eeg-biofeedback-hradec.cz\/eeg\/wp-json\/wp\/v2\/pages\/50\/revisions"}],"predecessor-version":[{"id":374,"href":"https:\/\/www.eeg-biofeedback-hradec.cz\/eeg\/wp-json\/wp\/v2\/pages\/50\/revisions\/374"}],"wp:attachment":[{"href":"https:\/\/www.eeg-biofeedback-hradec.cz\/eeg\/wp-json\/wp\/v2\/media?parent=50"}],"curies":[{"name":"wp","href":"https:\/\/api.w.org\/{rel}","templated":true}]}}