{"id":64,"date":"2017-02-17T15:54:32","date_gmt":"2017-02-17T14:54:32","guid":{"rendered":"http:\/\/www.eeg-biofeedback-hradec.cz\/eeg\/?page_id=64"},"modified":"2017-02-17T15:55:24","modified_gmt":"2017-02-17T14:55:24","slug":"karel-nosek","status":"publish","type":"page","link":"https:\/\/www.eeg-biofeedback-hradec.cz\/eeg\/karel-nosek\/","title":{"rendered":"Karel Nosek"},"content":{"rendered":"<table>\n<tr>\n<th>Jm\u00e9no a p\u0159\u00edjmen\u00ed:<\/th>\n<td>Karel Nosek<\/td>\n<\/tr>\n<tr>\n<th>Titul<\/th>\n<td>PhDr.<\/td>\n<\/tr>\n<tr>\n<th>Adresa: <\/th>\n<td>Star\u00e1 Voda 56<\/td>\n<\/tr>\n<tr>\n<th>Datum narozen\u00ed: <\/th>\n<td>19.7.1949<\/td>\n<\/tr>\n<tr>\n<th colspan=\"2\">Vzd\u011bl\u00e1n\u00ed, \u0161kolen\u00ed a kurzy:<\/th>\n<\/tr>\n<tr>\n<th>1967<\/th>\n<td>maturita<\/td>\n<\/tr>\n<tr>\n<th>1968 -1973<\/th>\n<td>Filosofick\u00e1 fakulta Palack\u00e9ho university Olomouc<\/td>\n<\/tr>\n<tr>\n<th>1978<\/th>\n<td>Doktor\u00e1t filosofie (jednooborov\u00e1 psychologie)<\/td>\n<\/tr>\n<tr>\n<th>1982<\/th>\n<td>Atestace z klinick\u00e9 psychologie<\/td>\n<\/tr>\n<tr>\n<th>1996<\/th>\n<td>Pedagogick\u00e1 zp\u016fsobilost (u\u010ditelstv\u00ed Z\u00e1klady spole\u010densk\u00fdch v\u011bd)<\/td>\n<\/tr>\n<tr>\n<th>1997<\/th>\n<td>Abs. oboru Speci\u00e1ln\u00ed pedagogika (somatopedie)<br \/>\nPr\u016fb\u011b\u017en\u011b \u2013 vzd\u011bl\u00e1v\u00e1n\u00ed v psychodiagnostice<br \/>\na psychoterapii<\/td>\n<\/tr>\n<tr>\n<td colspan=\"2\">U\u010ditel\u00e9: Zden\u011bk Mat\u011bj\u010dek, Pavel \u0158\u00ed\u010dan, Karel Balcar, Stanislav Kratochv\u00edl a \u0159ada dal\u0161\u00edch p\u0159edn\u00edch psycholog\u016f, mno\u017estv\u00ed kurs\u016f a st\u00e1\u017e\u00ed<\/td>\n<\/tr>\n<tr>\n<th colspan=\"2\">Praxe: <\/th>\n<\/tr>\n<tr>\n<th>1973 &#8211; 1994<\/th>\n<td>Klinick\u00fd psycholog v d\u011btsk\u00e9 l\u00e9\u010debn\u011b v Jansk\u00fdch L\u00e1zn\u00edch<\/td>\n<\/tr>\n<tr>\n<th>1994 &#8211; 2014<\/th>\n<td>\u0158editel Obchodn\u00ed akademie pro t\u011blesn\u011b posti\u017een\u00e9 a psycholog ve Speci\u00e1ln\u00edm pedagogick\u00e9m centru v Jansk\u00fdch L\u00e1zn\u00edch<\/td>\n<\/tr>\n<tr>\n<th>1989 &#8211; dosud<\/th>\n<td>Soukrom\u00e1 praxe v oboru psychologick\u00e1 diagnostika a poradenstv\u00ed, \u010dlen Asociace klinick\u00fdch psycholog\u016f \u010cR<\/td>\n<\/tr>\n<\/table>\n","protected":false},"excerpt":{"rendered":"Jm\u00e9no a p\u0159\u00edjmen\u00ed: Karel Nosek Titul PhDr. Adresa: Star\u00e1 Voda 56 Datum narozen\u00ed: 19.7.1949 Vzd\u011bl\u00e1n\u00ed, \u0161kolen\u00ed a kurzy: 1967 maturita 1968 -1973 Filosofick\u00e1 fakulta Palack\u00e9ho university Olomouc 1978 Doktor\u00e1t filosofie (jednooborov\u00e1 psychologie) 1982 Atestace z klinick\u00e9 psychologie 1996 Pedagogick\u00e1 zp\u016fsobilost (u\u010ditelstv\u00ed Z\u00e1klady spole\u010densk\u00fdch v\u011bd) 1997 Abs. oboru Speci\u00e1ln\u00ed pedagogika (somatopedie) Pr\u016fb\u011b\u017en\u011b \u2013 vzd\u011bl\u00e1v\u00e1n\u00ed v psychodiagnostice&#8230; <a class=\"view-article\" href=\"https:\/\/www.eeg-biofeedback-hradec.cz\/eeg\/karel-nosek\/\">View Article<\/a>","protected":false},"author":1,"featured_media":0,"parent":0,"menu_order":0,"comment_status":"closed","ping_status":"closed","template":"","meta":[],"acf":[],"yoast_head":"<!-- This site is optimized with the Yoast SEO plugin v17.7.1 - https:\/\/yoast.com\/wordpress\/plugins\/seo\/ -->\n<meta name=\"robots\" content=\"index, follow, max-snippet:-1, max-image-preview:large, max-video-preview:-1\" \/>\n<link rel=\"canonical\" href=\"https:\/\/www.eeg-biofeedback-hradec.cz\/eeg\/karel-nosek\/\" \/>\n<meta property=\"og:locale\" content=\"cs_CZ\" \/>\n<meta property=\"og:type\" content=\"article\" \/>\n<meta property=\"og:title\" content=\"Karel Nosek - EEG Biofeedback Hradec Kr\u00e1lov\u00e9\" \/>\n<meta property=\"og:description\" content=\"Jm\u00e9no a p\u0159\u00edjmen\u00ed: Karel Nosek Titul PhDr. Adresa: Star\u00e1 Voda 56 Datum narozen\u00ed: 19.7.1949 Vzd\u011bl\u00e1n\u00ed, \u0161kolen\u00ed a kurzy: 1967 maturita 1968 -1973 Filosofick\u00e1 fakulta Palack\u00e9ho university Olomouc 1978 Doktor\u00e1t filosofie (jednooborov\u00e1 psychologie) 1982 Atestace z klinick\u00e9 psychologie 1996 Pedagogick\u00e1 zp\u016fsobilost (u\u010ditelstv\u00ed Z\u00e1klady spole\u010densk\u00fdch v\u011bd) 1997 Abs. oboru Speci\u00e1ln\u00ed pedagogika (somatopedie) Pr\u016fb\u011b\u017en\u011b \u2013 vzd\u011bl\u00e1v\u00e1n\u00ed v psychodiagnostice... View Article\" \/>\n<meta property=\"og:url\" content=\"https:\/\/www.eeg-biofeedback-hradec.cz\/eeg\/karel-nosek\/\" \/>\n<meta property=\"og:site_name\" content=\"EEG Biofeedback Hradec Kr\u00e1lov\u00e9\" \/>\n<meta property=\"article:modified_time\" content=\"2017-02-17T14:55:24+00:00\" \/>\n<meta name=\"twitter:card\" content=\"summary_large_image\" \/>\n<meta name=\"twitter:label1\" content=\"Odhadovan\u00e1 doba \u010dten\u00ed\" \/>\n\t<meta name=\"twitter:data1\" content=\"1 minuta\" \/>\n<script type=\"application\/ld+json\" class=\"yoast-schema-graph\">{\"@context\":\"https:\/\/schema.org\",\"@graph\":[{\"@type\":\"WebSite\",\"@id\":\"https:\/\/www.eeg-biofeedback-hradec.cz\/eeg\/#website\",\"url\":\"https:\/\/www.eeg-biofeedback-hradec.cz\/eeg\/\",\"name\":\"EEG Biofeedback Hradec Kr\\u00e1lov\\u00e9\",\"description\":\"\",\"potentialAction\":[{\"@type\":\"SearchAction\",\"target\":{\"@type\":\"EntryPoint\",\"urlTemplate\":\"https:\/\/www.eeg-biofeedback-hradec.cz\/eeg\/?s={search_term_string}\"},\"query-input\":\"required name=search_term_string\"}],\"inLanguage\":\"cs\"},{\"@type\":\"WebPage\",\"@id\":\"https:\/\/www.eeg-biofeedback-hradec.cz\/eeg\/karel-nosek\/#webpage\",\"url\":\"https:\/\/www.eeg-biofeedback-hradec.cz\/eeg\/karel-nosek\/\",\"name\":\"Karel Nosek - EEG Biofeedback Hradec Kr\\u00e1lov\\u00e9\",\"isPartOf\":{\"@id\":\"https:\/\/www.eeg-biofeedback-hradec.cz\/eeg\/#website\"},\"datePublished\":\"2017-02-17T14:54:32+00:00\",\"dateModified\":\"2017-02-17T14:55:24+00:00\",\"breadcrumb\":{\"@id\":\"https:\/\/www.eeg-biofeedback-hradec.cz\/eeg\/karel-nosek\/#breadcrumb\"},\"inLanguage\":\"cs\",\"potentialAction\":[{\"@type\":\"ReadAction\",\"target\":[\"https:\/\/www.eeg-biofeedback-hradec.cz\/eeg\/karel-nosek\/\"]}]},{\"@type\":\"BreadcrumbList\",\"@id\":\"https:\/\/www.eeg-biofeedback-hradec.cz\/eeg\/karel-nosek\/#breadcrumb\",\"itemListElement\":[{\"@type\":\"ListItem\",\"position\":1,\"name\":\"Dom\\u016f\",\"item\":\"https:\/\/www.eeg-biofeedback-hradec.cz\/eeg\/\"},{\"@type\":\"ListItem\",\"position\":2,\"name\":\"Karel Nosek\"}]}]}<\/script>\n<!-- \/ Yoast SEO plugin. -->","yoast_head_json":{"robots":{"index":"index","follow":"follow","max-snippet":"max-snippet:-1","max-image-preview":"max-image-preview:large","max-video-preview":"max-video-preview:-1"},"canonical":"https:\/\/www.eeg-biofeedback-hradec.cz\/eeg\/karel-nosek\/","og_locale":"cs_CZ","og_type":"article","og_title":"Karel Nosek - EEG Biofeedback Hradec Kr\u00e1lov\u00e9","og_description":"Jm\u00e9no a p\u0159\u00edjmen\u00ed: Karel Nosek Titul PhDr. Adresa: Star\u00e1 Voda 56 Datum narozen\u00ed: 19.7.1949 Vzd\u011bl\u00e1n\u00ed, \u0161kolen\u00ed a kurzy: 1967 maturita 1968 -1973 Filosofick\u00e1 fakulta Palack\u00e9ho university Olomouc 1978 Doktor\u00e1t filosofie (jednooborov\u00e1 psychologie) 1982 Atestace z klinick\u00e9 psychologie 1996 Pedagogick\u00e1 zp\u016fsobilost (u\u010ditelstv\u00ed Z\u00e1klady spole\u010densk\u00fdch v\u011bd) 1997 Abs. oboru Speci\u00e1ln\u00ed pedagogika (somatopedie) Pr\u016fb\u011b\u017en\u011b \u2013 vzd\u011bl\u00e1v\u00e1n\u00ed v psychodiagnostice... View Article","og_url":"https:\/\/www.eeg-biofeedback-hradec.cz\/eeg\/karel-nosek\/","og_site_name":"EEG Biofeedback Hradec Kr\u00e1lov\u00e9","article_modified_time":"2017-02-17T14:55:24+00:00","twitter_card":"summary_large_image","twitter_misc":{"Odhadovan\u00e1 doba \u010dten\u00ed":"1 minuta"},"schema":{"@context":"https:\/\/schema.org","@graph":[{"@type":"WebSite","@id":"https:\/\/www.eeg-biofeedback-hradec.cz\/eeg\/#website","url":"https:\/\/www.eeg-biofeedback-hradec.cz\/eeg\/","name":"EEG Biofeedback Hradec Kr\u00e1lov\u00e9","description":"","potentialAction":[{"@type":"SearchAction","target":{"@type":"EntryPoint","urlTemplate":"https:\/\/www.eeg-biofeedback-hradec.cz\/eeg\/?s={search_term_string}"},"query-input":"required name=search_term_string"}],"inLanguage":"cs"},{"@type":"WebPage","@id":"https:\/\/www.eeg-biofeedback-hradec.cz\/eeg\/karel-nosek\/#webpage","url":"https:\/\/www.eeg-biofeedback-hradec.cz\/eeg\/karel-nosek\/","name":"Karel Nosek - EEG Biofeedback Hradec Kr\u00e1lov\u00e9","isPartOf":{"@id":"https:\/\/www.eeg-biofeedback-hradec.cz\/eeg\/#website"},"datePublished":"2017-02-17T14:54:32+00:00","dateModified":"2017-02-17T14:55:24+00:00","breadcrumb":{"@id":"https:\/\/www.eeg-biofeedback-hradec.cz\/eeg\/karel-nosek\/#breadcrumb"},"inLanguage":"cs","potentialAction":[{"@type":"ReadAction","target":["https:\/\/www.eeg-biofeedback-hradec.cz\/eeg\/karel-nosek\/"]}]},{"@type":"BreadcrumbList","@id":"https:\/\/www.eeg-biofeedback-hradec.cz\/eeg\/karel-nosek\/#breadcrumb","itemListElement":[{"@type":"ListItem","position":1,"name":"Dom\u016f","item":"https:\/\/www.eeg-biofeedback-hradec.cz\/eeg\/"},{"@type":"ListItem","position":2,"name":"Karel Nosek"}]}]}},"_links":{"self":[{"href":"https:\/\/www.eeg-biofeedback-hradec.cz\/eeg\/wp-json\/wp\/v2\/pages\/64"}],"collection":[{"href":"https:\/\/www.eeg-biofeedback-hradec.cz\/eeg\/wp-json\/wp\/v2\/pages"}],"about":[{"href":"https:\/\/www.eeg-biofeedback-hradec.cz\/eeg\/wp-json\/wp\/v2\/types\/page"}],"author":[{"embeddable":true,"href":"https:\/\/www.eeg-biofeedback-hradec.cz\/eeg\/wp-json\/wp\/v2\/users\/1"}],"replies":[{"embeddable":true,"href":"https:\/\/www.eeg-biofeedback-hradec.cz\/eeg\/wp-json\/wp\/v2\/comments?post=64"}],"version-history":[{"count":2,"href":"https:\/\/www.eeg-biofeedback-hradec.cz\/eeg\/wp-json\/wp\/v2\/pages\/64\/revisions"}],"predecessor-version":[{"id":67,"href":"https:\/\/www.eeg-biofeedback-hradec.cz\/eeg\/wp-json\/wp\/v2\/pages\/64\/revisions\/67"}],"wp:attachment":[{"href":"https:\/\/www.eeg-biofeedback-hradec.cz\/eeg\/wp-json\/wp\/v2\/media?parent=64"}],"curies":[{"name":"wp","href":"https:\/\/api.w.org\/{rel}","templated":true}]}}

<table>
<tr>
<th>Jméno a příjmení:</th>
<td>Karel Nosek</td>
</tr>
<tr>
<th>Titul</th>
<td>PhDr.</td>
</tr>
<tr>
<th>Adresa: </th>
<td>Stará Voda 56</td>
</tr>
<tr>
<th>Datum narození: </th>
<td>19.7.1949</td>
</tr>
<tr>
<th colspan="2">Vzdělání, školení a kurzy:</th>
</tr>
<tr>
<th>1967</th>
<td>maturita</td>
</tr>
<tr>
<th>1968 -1973</th>
<td>Filosofická fakulta Palackého university Olomouc</td>
</tr>
<tr>
<th>1978</th>
<td>Doktorát filosofie (jednooborová psychologie)</td>
</tr>
<tr>
<th>1982</th>
<td>Atestace z klinické psychologie</td>
</tr>
<tr>
<th>1996</th>
<td>Pedagogická způsobilost (učitelství Základy společenských věd)</td>
</tr>
<tr>
<th>1997</th>
<td>Abs. oboru Speciální pedagogika (somatopedie)<br />
Průběžně – vzdělávání v psychodiagnostice<br />
a psychoterapii</td>
</tr>
<tr>
<td colspan="2">Učitelé: Zdeněk Matějček, Pavel Říčan, Karel Balcar, Stanislav Kratochvíl a řada dalších předních psychologů, množství kursů a stáží</td>
</tr>
<tr>
<th colspan="2">Praxe: </th>
</tr>
<tr>
<th>1973 &#8211; 1994</th>
<td>Klinický psycholog v dětské léčebně v Janských Lázních</td>
</tr>
<tr>
<th>1994 &#8211; 2014</th>
<td>Ředitel Obchodní akademie pro tělesně postižené a psycholog ve Speciálním pedagogickém centru v Janských Lázních</td>
</tr>
<tr>
<th>1989 &#8211; dosud</th>
<td>Soukromá praxe v oboru psychologická diagnostika a poradenství, člen Asociace klinických psychologů ČR</td>
</tr>
</table>

Jméno a příjmení: Karel Nosek Titul PhDr. Adresa: Stará Voda 56 Datum narození: 19.7.1949 Vzdělání, školení a kurzy: 1967 maturita 1968 -1973 Filosofická fakulta Palackého university Olomouc 1978 Doktorát filosofie (jednooborová psychologie) 1982 Atestace z klinické psychologie 1996 Pedagogická způsobilost (učitelství Základy společenských věd) 1997 Abs. oboru Speciální pedagogika (somatopedie) Průběžně – vzdělávání v psychodiagnostice&#8230; <a class="view-article" href="https://www.eeg-biofeedback-hradec.cz/eeg/karel-nosek/">View Article</a>

<!-- This site is optimized with the Yoast SEO plugin v17.7.1 - https://yoast.com/wordpress/plugins/seo/ -->
<meta name="robots" content="index, follow, max-snippet:-1, max-image-preview:large, max-video-preview:-1" />
<link rel="canonical" href="https://www.eeg-biofeedback-hradec.cz/eeg/karel-nosek/" />
<meta property="og:locale" content="cs_CZ" />
<meta property="og:type" content="article" />
<meta property="og:title" content="Karel Nosek - EEG Biofeedback Hradec Králové" />
<meta property="og:description" content="Jméno a příjmení: Karel Nosek Titul PhDr. Adresa: Stará Voda 56 Datum narození: 19.7.1949 Vzdělání, školení a kurzy: 1967 maturita 1968 -1973 Filosofická fakulta Palackého university Olomouc 1978 Doktorát filosofie (jednooborová psychologie) 1982 Atestace z klinické psychologie 1996 Pedagogická způsobilost (učitelství Základy společenských věd) 1997 Abs. oboru Speciální pedagogika (somatopedie) Průběžně – vzdělávání v psychodiagnostice... View Article" />
<meta property="og:url" content="https://www.eeg-biofeedback-hradec.cz/eeg/karel-nosek/" />
<meta property="og:site_name" content="EEG Biofeedback Hradec Králové" />
<meta property="article:modified_time" content="2017-02-17T14:55:24+00:00" />
<meta name="twitter:card" content="summary_large_image" />
<meta name="twitter:label1" content="Odhadovaná doba čtení" />
	<meta name="twitter:data1" content="1 minuta" />
<script type="application/ld+json" class="yoast-schema-graph">{"@context":"https://schema.org","@graph":[{"@type":"WebSite","@id":"https://www.eeg-biofeedback-hradec.cz/eeg/#website","url":"https://www.eeg-biofeedback-hradec.cz/eeg/","name":"EEG Biofeedback Hradec Kr\u00e1lov\u00e9","description":"","potentialAction":[{"@type":"SearchAction","target":{"@type":"EntryPoint","urlTemplate":"https://www.eeg-biofeedback-hradec.cz/eeg/?s={search_term_string}"},"query-input":"required name=search_term_string"}],"inLanguage":"cs"},{"@type":"WebPage","@id":"https://www.eeg-biofeedback-hradec.cz/eeg/karel-nosek/#webpage","url":"https://www.eeg-biofeedback-hradec.cz/eeg/karel-nosek/","name":"Karel Nosek - EEG Biofeedback Hradec Kr\u00e1lov\u00e9","isPartOf":{"@id":"https://www.eeg-biofeedback-hradec.cz/eeg/#website"},"datePublished":"2017-02-17T14:54:32+00:00","dateModified":"2017-02-17T14:55:24+00:00","breadcrumb":{"@id":"https://www.eeg-biofeedback-hradec.cz/eeg/karel-nosek/#breadcrumb"},"inLanguage":"cs","potentialAction":[{"@type":"ReadAction","target":["https://www.eeg-biofeedback-hradec.cz/eeg/karel-nosek/"]}]},{"@type":"BreadcrumbList","@id":"https://www.eeg-biofeedback-hradec.cz/eeg/karel-nosek/#breadcrumb","itemListElement":[{"@type":"ListItem","position":1,"name":"Dom\u016f","item":"https://www.eeg-biofeedback-hradec.cz/eeg/"},{"@type":"ListItem","position":2,"name":"Karel Nosek"}]}]}</script>
<!-- / Yoast SEO plugin. -->

Karel Nosek - EEG Biofeedback Hradec Králové

Jméno a příjmení: Karel Nosek Titul PhDr. Adresa: Stará Voda 56 Datum narození: 19.7.1949 Vzdělání, školení a kurzy: 1967 maturita 1968 -1973 Filosofická fakulta Palackého university Olomouc 1978 Doktorát filosofie (jednooborová psychologie) 1982 Atestace z klinické psychologie 1996 Pedagogická způsobilost (učitelství Základy společenských věd) 1997 Abs. oboru Speciální pedagogika (somatopedie) Průběžně – vzdělávání v psychodiagnostice... View Article

EEG Biofeedback Hradec Králové

Domů
