{"id":106,"date":"2017-04-07T13:18:00","date_gmt":"2017-04-07T12:18:00","guid":{"rendered":"http:\/\/www.eeg-biofeedback-hradec.cz\/poradna\/?page_id=106"},"modified":"2017-04-07T13:18:00","modified_gmt":"2017-04-07T12:18:00","slug":"rehabilitace-porodu","status":"publish","type":"page","link":"https:\/\/www.eeg-biofeedback-hradec.cz\/poradna\/rehabilitace-porodu\/","title":{"rendered":"Rehabilitace porodu"},"content":{"rendered":"<p>Na textu pracujeme<\/p>\n","protected":false},"excerpt":{"rendered":"Na textu pracujeme","protected":false},"author":1,"featured_media":0,"parent":0,"menu_order":0,"comment_status":"closed","ping_status":"closed","template":"","meta":[],"acf":[],"yoast_head":"<!-- This site is optimized with the Yoast SEO plugin v17.7.1 - https:\/\/yoast.com\/wordpress\/plugins\/seo\/ -->\n<meta name=\"robots\" content=\"index, follow, max-snippet:-1, max-image-preview:large, max-video-preview:-1\" \/>\n<link rel=\"canonical\" href=\"http:\/\/www.eeg-biofeedback-hradec.cz\/poradna\/rehabilitace-porodu\/\" \/>\n<meta property=\"og:locale\" content=\"cs_CZ\" \/>\n<meta property=\"og:type\" content=\"article\" \/>\n<meta property=\"og:title\" content=\"Rehabilitace porodu - Poradna pro osobn\u00ed a rodinn\u00e9 vztahy | Radom\u00edr a Petra Noskovi | Hradec Kr\u00e1lov\u00e9\" \/>\n<meta property=\"og:description\" content=\"Na textu pracujeme\" \/>\n<meta property=\"og:url\" content=\"http:\/\/www.eeg-biofeedback-hradec.cz\/poradna\/rehabilitace-porodu\/\" \/>\n<meta property=\"og:site_name\" content=\"Poradna pro osobn\u00ed a rodinn\u00e9 vztahy | Radom\u00edr a Petra Noskovi | Hradec Kr\u00e1lov\u00e9\" \/>\n<meta name=\"twitter:card\" content=\"summary_large_image\" \/>\n<script type=\"application\/ld+json\" class=\"yoast-schema-graph\">{\"@context\":\"https:\/\/schema.org\",\"@graph\":[{\"@type\":\"WebSite\",\"@id\":\"https:\/\/www.eeg-biofeedback-hradec.cz\/poradna\/#website\",\"url\":\"https:\/\/www.eeg-biofeedback-hradec.cz\/poradna\/\",\"name\":\"Poradna pro osobn\\u00ed a rodinn\\u00e9 vztahy | Radom\\u00edr a Petra Noskovi | Hradec Kr\\u00e1lov\\u00e9\",\"description\":\"\",\"potentialAction\":[{\"@type\":\"SearchAction\",\"target\":{\"@type\":\"EntryPoint\",\"urlTemplate\":\"https:\/\/www.eeg-biofeedback-hradec.cz\/poradna\/?s={search_term_string}\"},\"query-input\":\"required name=search_term_string\"}],\"inLanguage\":\"cs\"},{\"@type\":\"WebPage\",\"@id\":\"http:\/\/www.eeg-biofeedback-hradec.cz\/poradna\/rehabilitace-porodu\/#webpage\",\"url\":\"http:\/\/www.eeg-biofeedback-hradec.cz\/poradna\/rehabilitace-porodu\/\",\"name\":\"Rehabilitace porodu - Poradna pro osobn\\u00ed a rodinn\\u00e9 vztahy | Radom\\u00edr a Petra Noskovi | Hradec Kr\\u00e1lov\\u00e9\",\"isPartOf\":{\"@id\":\"https:\/\/www.eeg-biofeedback-hradec.cz\/poradna\/#website\"},\"datePublished\":\"2017-04-07T12:18:00+00:00\",\"dateModified\":\"2017-04-07T12:18:00+00:00\",\"breadcrumb\":{\"@id\":\"http:\/\/www.eeg-biofeedback-hradec.cz\/poradna\/rehabilitace-porodu\/#breadcrumb\"},\"inLanguage\":\"cs\",\"potentialAction\":[{\"@type\":\"ReadAction\",\"target\":[\"http:\/\/www.eeg-biofeedback-hradec.cz\/poradna\/rehabilitace-porodu\/\"]}]},{\"@type\":\"BreadcrumbList\",\"@id\":\"http:\/\/www.eeg-biofeedback-hradec.cz\/poradna\/rehabilitace-porodu\/#breadcrumb\",\"itemListElement\":[{\"@type\":\"ListItem\",\"position\":1,\"name\":\"Dom\\u016f\",\"item\":\"https:\/\/www.eeg-biofeedback-hradec.cz\/poradna\/\"},{\"@type\":\"ListItem\",\"position\":2,\"name\":\"Rehabilitace porodu\"}]}]}<\/script>\n<!-- \/ Yoast SEO plugin. -->","yoast_head_json":{"robots":{"index":"index","follow":"follow","max-snippet":"max-snippet:-1","max-image-preview":"max-image-preview:large","max-video-preview":"max-video-preview:-1"},"canonical":"http:\/\/www.eeg-biofeedback-hradec.cz\/poradna\/rehabilitace-porodu\/","og_locale":"cs_CZ","og_type":"article","og_title":"Rehabilitace porodu - Poradna pro osobn\u00ed a rodinn\u00e9 vztahy | Radom\u00edr a Petra Noskovi | Hradec Kr\u00e1lov\u00e9","og_description":"Na textu pracujeme","og_url":"http:\/\/www.eeg-biofeedback-hradec.cz\/poradna\/rehabilitace-porodu\/","og_site_name":"Poradna pro osobn\u00ed a rodinn\u00e9 vztahy | Radom\u00edr a Petra Noskovi | Hradec Kr\u00e1lov\u00e9","twitter_card":"summary_large_image","schema":{"@context":"https:\/\/schema.org","@graph":[{"@type":"WebSite","@id":"https:\/\/www.eeg-biofeedback-hradec.cz\/poradna\/#website","url":"https:\/\/www.eeg-biofeedback-hradec.cz\/poradna\/","name":"Poradna pro osobn\u00ed a rodinn\u00e9 vztahy | Radom\u00edr a Petra Noskovi | Hradec Kr\u00e1lov\u00e9","description":"","potentialAction":[{"@type":"SearchAction","target":{"@type":"EntryPoint","urlTemplate":"https:\/\/www.eeg-biofeedback-hradec.cz\/poradna\/?s={search_term_string}"},"query-input":"required name=search_term_string"}],"inLanguage":"cs"},{"@type":"WebPage","@id":"http:\/\/www.eeg-biofeedback-hradec.cz\/poradna\/rehabilitace-porodu\/#webpage","url":"http:\/\/www.eeg-biofeedback-hradec.cz\/poradna\/rehabilitace-porodu\/","name":"Rehabilitace porodu - Poradna pro osobn\u00ed a rodinn\u00e9 vztahy | Radom\u00edr a Petra Noskovi | Hradec Kr\u00e1lov\u00e9","isPartOf":{"@id":"https:\/\/www.eeg-biofeedback-hradec.cz\/poradna\/#website"},"datePublished":"2017-04-07T12:18:00+00:00","dateModified":"2017-04-07T12:18:00+00:00","breadcrumb":{"@id":"http:\/\/www.eeg-biofeedback-hradec.cz\/poradna\/rehabilitace-porodu\/#breadcrumb"},"inLanguage":"cs","potentialAction":[{"@type":"ReadAction","target":["http:\/\/www.eeg-biofeedback-hradec.cz\/poradna\/rehabilitace-porodu\/"]}]},{"@type":"BreadcrumbList","@id":"http:\/\/www.eeg-biofeedback-hradec.cz\/poradna\/rehabilitace-porodu\/#breadcrumb","itemListElement":[{"@type":"ListItem","position":1,"name":"Dom\u016f","item":"https:\/\/www.eeg-biofeedback-hradec.cz\/poradna\/"},{"@type":"ListItem","position":2,"name":"Rehabilitace porodu"}]}]}},"_links":{"self":[{"href":"https:\/\/www.eeg-biofeedback-hradec.cz\/poradna\/wp-json\/wp\/v2\/pages\/106"}],"collection":[{"href":"https:\/\/www.eeg-biofeedback-hradec.cz\/poradna\/wp-json\/wp\/v2\/pages"}],"about":[{"href":"https:\/\/www.eeg-biofeedback-hradec.cz\/poradna\/wp-json\/wp\/v2\/types\/page"}],"author":[{"embeddable":true,"href":"https:\/\/www.eeg-biofeedback-hradec.cz\/poradna\/wp-json\/wp\/v2\/users\/1"}],"replies":[{"embeddable":true,"href":"https:\/\/www.eeg-biofeedback-hradec.cz\/poradna\/wp-json\/wp\/v2\/comments?post=106"}],"version-history":[{"count":1,"href":"https:\/\/www.eeg-biofeedback-hradec.cz\/poradna\/wp-json\/wp\/v2\/pages\/106\/revisions"}],"predecessor-version":[{"id":107,"href":"https:\/\/www.eeg-biofeedback-hradec.cz\/poradna\/wp-json\/wp\/v2\/pages\/106\/revisions\/107"}],"wp:attachment":[{"href":"https:\/\/www.eeg-biofeedback-hradec.cz\/poradna\/wp-json\/wp\/v2\/media?parent=106"}],"curies":[{"name":"wp","href":"https:\/\/api.w.org\/{rel}","templated":true}]}}

<!-- This site is optimized with the Yoast SEO plugin v17.7.1 - https://yoast.com/wordpress/plugins/seo/ -->
<meta name="robots" content="index, follow, max-snippet:-1, max-image-preview:large, max-video-preview:-1" />
<link rel="canonical" href="http://www.eeg-biofeedback-hradec.cz/poradna/rehabilitace-porodu/" />
<meta property="og:locale" content="cs_CZ" />
<meta property="og:type" content="article" />
<meta property="og:title" content="Rehabilitace porodu - Poradna pro osobní a rodinné vztahy | Radomír a Petra Noskovi | Hradec Králové" />
<meta property="og:description" content="Na textu pracujeme" />
<meta property="og:url" content="http://www.eeg-biofeedback-hradec.cz/poradna/rehabilitace-porodu/" />
<meta property="og:site_name" content="Poradna pro osobní a rodinné vztahy | Radomír a Petra Noskovi | Hradec Králové" />
<meta name="twitter:card" content="summary_large_image" />
<script type="application/ld+json" class="yoast-schema-graph">{"@context":"https://schema.org","@graph":[{"@type":"WebSite","@id":"https://www.eeg-biofeedback-hradec.cz/poradna/#website","url":"https://www.eeg-biofeedback-hradec.cz/poradna/","name":"Poradna pro osobn\u00ed a rodinn\u00e9 vztahy | Radom\u00edr a Petra Noskovi | Hradec Kr\u00e1lov\u00e9","description":"","potentialAction":[{"@type":"SearchAction","target":{"@type":"EntryPoint","urlTemplate":"https://www.eeg-biofeedback-hradec.cz/poradna/?s={search_term_string}"},"query-input":"required name=search_term_string"}],"inLanguage":"cs"},{"@type":"WebPage","@id":"http://www.eeg-biofeedback-hradec.cz/poradna/rehabilitace-porodu/#webpage","url":"http://www.eeg-biofeedback-hradec.cz/poradna/rehabilitace-porodu/","name":"Rehabilitace porodu - Poradna pro osobn\u00ed a rodinn\u00e9 vztahy | Radom\u00edr a Petra Noskovi | Hradec Kr\u00e1lov\u00e9","isPartOf":{"@id":"https://www.eeg-biofeedback-hradec.cz/poradna/#website"},"datePublished":"2017-04-07T12:18:00+00:00","dateModified":"2017-04-07T12:18:00+00:00","breadcrumb":{"@id":"http://www.eeg-biofeedback-hradec.cz/poradna/rehabilitace-porodu/#breadcrumb"},"inLanguage":"cs","potentialAction":[{"@type":"ReadAction","target":["http://www.eeg-biofeedback-hradec.cz/poradna/rehabilitace-porodu/"]}]},{"@type":"BreadcrumbList","@id":"http://www.eeg-biofeedback-hradec.cz/poradna/rehabilitace-porodu/#breadcrumb","itemListElement":[{"@type":"ListItem","position":1,"name":"Dom\u016f","item":"https://www.eeg-biofeedback-hradec.cz/poradna/"},{"@type":"ListItem","position":2,"name":"Rehabilitace porodu"}]}]}</script>
<!-- / Yoast SEO plugin. -->

Rehabilitace porodu - Poradna pro osobní a rodinné vztahy | Radomír a Petra Noskovi | Hradec Králové

Poradna pro osobní a rodinné vztahy | Radomír a Petra Noskovi | Hradec Králové

Domů
