{"id":21,"date":"2017-02-17T18:15:48","date_gmt":"2017-02-17T17:15:48","guid":{"rendered":"http:\/\/www.eeg-biofeedback-hradec.cz\/poradna\/?page_id=21"},"modified":"2017-02-21T14:41:25","modified_gmt":"2017-02-21T13:41:25","slug":"rodinne-konstelace","status":"publish","type":"page","link":"https:\/\/www.eeg-biofeedback-hradec.cz\/poradna\/rodinne-konstelace\/","title":{"rendered":"Rodinn\u00e9 konstelace"},"content":{"rendered":"<p><strong>Na\u0161e rodina je jednou z nejvz\u00e1cn\u011bj\u0161\u00edch v\u011bc\u00ed, co v \u017eivot\u011b m\u00e1me.<\/strong> Bohu\u017eel n\u011bkdy nen\u00ed v\u0161e tak, jak bychom si p\u0159\u00e1li a n\u011bkter\u00e9 vztahy v na\u0161\u00ed rodin\u011b mohou b\u00fdt odklon\u011bny od spr\u00e1vn\u00e9ho sm\u011bru vz\u00e1jemn\u00e9 l\u00e1sky.<\/p>\n<p>Rodinn\u00e9 konstelace je metoda, jak tyto nesrovnalosti \u0159e\u0161it.<\/p>\n<p>Na\u0161i u\u010ditelkou je PhDr. Ji\u0159ina Prekopov\u00e1, \u010desk\u00e1 psycholo\u017eka p\u016fsob\u00edc\u00ed v zahrani\u010d\u00ed, kter\u00e1 touto metodou uzdravuje rodinn\u00e9 vztahy. Jej\u00ed u\u010den\u00ed je uzn\u00e1van\u00e9 po cel\u00e9m sv\u011bt\u011b a garantuje V\u00e1m tak vysokou kvalitu. Sama \u00fazce spolupracovala se zakladatelem metody, Bertem Hellingerem.<\/p>\n<p>Metoda rodinn\u00fdch kontelac\u00ed zprost\u0159edkov\u00e1v\u00e1 pomoc\u00ed kr\u00e1tkodob\u00e9ho postupu hluboce p\u016fsob\u00edc\u00ed obraz vlastn\u00ed rodiny. T\u00edm pom\u00e1h\u00e1 dostat se ke ko\u0159en\u016fm nejr\u016fzn\u011bj\u0161\u00edch v\u00e1\u017en\u00fdch \u017eivotn\u00edch obt\u00ed\u017e\u00ed, kter\u00e9 n\u00e1m nedovoluj\u00ed jednat v souladu s vlastn\u00ed \u017e\u00e1douc\u00ed identitou dosp\u011bl\u00e9ho \u010dlov\u011bka.<\/p>\n<p>P\u0159\u00ed\u010diny t\u011bchto obt\u00ed\u017e\u00ed je t\u0159eba vyzvednout z nev\u011bdom\u00e9 oblasti do na\u0161eho v\u011bdom\u00ed, abychom se s nimi byli schopni vypo\u0159\u00e1dat. Nezbytn\u00e1 je ochota sm\u00ed\u0159it se a p\u0159ijmout skute\u010dnost takovou, jak\u00e1 je.<\/p>\n<p>Zvl\u00e1\u0161t\u011b ve spojen\u00ed s terapi\u00ed pevn\u00fdm objet\u00edm podle PhDr. J. Prekopov\u00e9 n\u00e1m pom\u016f\u017ee p\u0159ijmout na\u0161e p\u0159edky se v\u0161\u00edm, co k nim pat\u0159\u00ed. Tak, abychom si mohli v\u00e1\u017eit sami sebe, i toho, co jsme po nich zd\u011bdili.<\/p>\n<p>Klient podle vlastn\u00edch pocit\u016f a vid\u011bn\u00ed postav\u00ed svoji sou\u010dasnou nebo p\u016fvodn\u00ed rodinu a zn\u00e1zorn\u00ed tak jej\u00ed syst\u00e9m. Ka\u017ed\u00e9ho \u010dlena rodiny zastupuje jeden \u010dlen skupiny. Klient d\u00e1 ka\u017ed\u00e9mu takov\u00e9 m\u00edsto v prostoru, jak\u00e9 c\u00edt\u00ed, \u017ee m\u00e1 v jeho rodin\u011b. Terapeut podle v\u00fdpov\u011bd\u00ed a postoj\u016f z\u00fa\u010dastn\u011bn\u00fdch hled\u00e1 chybu, kter\u00e1 p\u016fsob\u00ed v rodinn\u00e9m syst\u00e9mu. \u0158e\u0161\u00ed ji zm\u011bnou postaven\u00ed, dokud nenajde optim\u00e1ln\u00ed stav. Rodinn\u00e9 konstelace d\u00e1vaj\u00ed vlastn\u00ed pozn\u00e1n\u00ed a siln\u00fd citov\u00fd pro\u017eitek nejenom osob\u011b stav\u011bj\u00edc\u00ed konstelaci, ale i ostatn\u00edm \u00fa\u010dastn\u00edk\u016fm.<\/p>\n<p><strong>Po mnoha letech stav\u011bn\u00ed rodinn\u00fdch konstelac\u00ed, jsem zm\u011bnil zp\u016fsob pr\u00e1ce. Prov\u00e1d\u00edm individu\u00e1ln\u00ed konstelace, kde pracuji v soukrom\u00ed s klientem, kter\u00fd z p\u0159edm\u011bt\u016f postav\u00ed syst\u00e9m a vyjasn\u00edme si spole\u010dn\u011b nejd\u016fle\u017eit\u011bj\u0161\u00ed bod, kter\u00fd ohro\u017euje vztahy a rovnov\u00e1hu v jeho rodin\u011b.<\/strong><br \/>\n<strong>Podle pot\u0159eby nejd\u016fle\u017eit\u011bj\u0161\u00ed postavu zastoup\u00edm a umo\u017en\u00edm klientovi sm\u00ed\u0159en\u00ed a odpu\u0161t\u011bn\u00ed.<\/strong><\/p>\n","protected":false},"excerpt":{"rendered":"Na\u0161e rodina je jednou z nejvz\u00e1cn\u011bj\u0161\u00edch v\u011bc\u00ed, co v \u017eivot\u011b m\u00e1me. Bohu\u017eel n\u011bkdy nen\u00ed v\u0161e tak, jak bychom si p\u0159\u00e1li a n\u011bkter\u00e9 vztahy v na\u0161\u00ed rodin\u011b mohou b\u00fdt odklon\u011bny od spr\u00e1vn\u00e9ho sm\u011bru vz\u00e1jemn\u00e9 l\u00e1sky. Rodinn\u00e9 konstelace je metoda, jak tyto nesrovnalosti \u0159e\u0161it. Na\u0161i u\u010ditelkou je PhDr. Ji\u0159ina Prekopov\u00e1, \u010desk\u00e1 psycholo\u017eka p\u016fsob\u00edc\u00ed v zahrani\u010d\u00ed, kter\u00e1 touto&#8230; <a class=\"view-article\" href=\"https:\/\/www.eeg-biofeedback-hradec.cz\/poradna\/rodinne-konstelace\/\">View Article<\/a>","protected":false},"author":1,"featured_media":0,"parent":0,"menu_order":0,"comment_status":"closed","ping_status":"closed","template":"","meta":[],"acf":[],"yoast_head":"<!-- This site is optimized with the Yoast SEO plugin v17.7.1 - https:\/\/yoast.com\/wordpress\/plugins\/seo\/ -->\n<meta name=\"robots\" content=\"index, follow, max-snippet:-1, max-image-preview:large, max-video-preview:-1\" \/>\n<link rel=\"canonical\" href=\"https:\/\/www.eeg-biofeedback-hradec.cz\/poradna\/rodinne-konstelace\/\" \/>\n<meta property=\"og:locale\" content=\"cs_CZ\" \/>\n<meta property=\"og:type\" content=\"article\" \/>\n<meta property=\"og:title\" content=\"Rodinn\u00e9 konstelace - Poradna pro osobn\u00ed a rodinn\u00e9 vztahy | Radom\u00edr a Petra Noskovi | Hradec Kr\u00e1lov\u00e9\" \/>\n<meta property=\"og:description\" content=\"Na\u0161e rodina je jednou z nejvz\u00e1cn\u011bj\u0161\u00edch v\u011bc\u00ed, co v \u017eivot\u011b m\u00e1me. Bohu\u017eel n\u011bkdy nen\u00ed v\u0161e tak, jak bychom si p\u0159\u00e1li a n\u011bkter\u00e9 vztahy v na\u0161\u00ed rodin\u011b mohou b\u00fdt odklon\u011bny od spr\u00e1vn\u00e9ho sm\u011bru vz\u00e1jemn\u00e9 l\u00e1sky. Rodinn\u00e9 konstelace je metoda, jak tyto nesrovnalosti \u0159e\u0161it. Na\u0161i u\u010ditelkou je PhDr. Ji\u0159ina Prekopov\u00e1, \u010desk\u00e1 psycholo\u017eka p\u016fsob\u00edc\u00ed v zahrani\u010d\u00ed, kter\u00e1 touto... View Article\" \/>\n<meta property=\"og:url\" content=\"https:\/\/www.eeg-biofeedback-hradec.cz\/poradna\/rodinne-konstelace\/\" \/>\n<meta property=\"og:site_name\" content=\"Poradna pro osobn\u00ed a rodinn\u00e9 vztahy | Radom\u00edr a Petra Noskovi | Hradec Kr\u00e1lov\u00e9\" \/>\n<meta property=\"article:modified_time\" content=\"2017-02-21T13:41:25+00:00\" \/>\n<meta name=\"twitter:card\" content=\"summary_large_image\" \/>\n<meta name=\"twitter:label1\" content=\"Odhadovan\u00e1 doba \u010dten\u00ed\" \/>\n\t<meta name=\"twitter:data1\" content=\"2 minuty\" \/>\n<script type=\"application\/ld+json\" class=\"yoast-schema-graph\">{\"@context\":\"https:\/\/schema.org\",\"@graph\":[{\"@type\":\"WebSite\",\"@id\":\"https:\/\/www.eeg-biofeedback-hradec.cz\/poradna\/#website\",\"url\":\"https:\/\/www.eeg-biofeedback-hradec.cz\/poradna\/\",\"name\":\"Poradna pro osobn\\u00ed a rodinn\\u00e9 vztahy | Radom\\u00edr a Petra Noskovi | Hradec Kr\\u00e1lov\\u00e9\",\"description\":\"\",\"potentialAction\":[{\"@type\":\"SearchAction\",\"target\":{\"@type\":\"EntryPoint\",\"urlTemplate\":\"https:\/\/www.eeg-biofeedback-hradec.cz\/poradna\/?s={search_term_string}\"},\"query-input\":\"required name=search_term_string\"}],\"inLanguage\":\"cs\"},{\"@type\":\"WebPage\",\"@id\":\"https:\/\/www.eeg-biofeedback-hradec.cz\/poradna\/rodinne-konstelace\/#webpage\",\"url\":\"https:\/\/www.eeg-biofeedback-hradec.cz\/poradna\/rodinne-konstelace\/\",\"name\":\"Rodinn\\u00e9 konstelace - Poradna pro osobn\\u00ed a rodinn\\u00e9 vztahy | Radom\\u00edr a Petra Noskovi | Hradec Kr\\u00e1lov\\u00e9\",\"isPartOf\":{\"@id\":\"https:\/\/www.eeg-biofeedback-hradec.cz\/poradna\/#website\"},\"datePublished\":\"2017-02-17T17:15:48+00:00\",\"dateModified\":\"2017-02-21T13:41:25+00:00\",\"breadcrumb\":{\"@id\":\"https:\/\/www.eeg-biofeedback-hradec.cz\/poradna\/rodinne-konstelace\/#breadcrumb\"},\"inLanguage\":\"cs\",\"potentialAction\":[{\"@type\":\"ReadAction\",\"target\":[\"https:\/\/www.eeg-biofeedback-hradec.cz\/poradna\/rodinne-konstelace\/\"]}]},{\"@type\":\"BreadcrumbList\",\"@id\":\"https:\/\/www.eeg-biofeedback-hradec.cz\/poradna\/rodinne-konstelace\/#breadcrumb\",\"itemListElement\":[{\"@type\":\"ListItem\",\"position\":1,\"name\":\"Dom\\u016f\",\"item\":\"https:\/\/www.eeg-biofeedback-hradec.cz\/poradna\/\"},{\"@type\":\"ListItem\",\"position\":2,\"name\":\"Rodinn\\u00e9 konstelace\"}]}]}<\/script>\n<!-- \/ Yoast SEO plugin. -->","yoast_head_json":{"robots":{"index":"index","follow":"follow","max-snippet":"max-snippet:-1","max-image-preview":"max-image-preview:large","max-video-preview":"max-video-preview:-1"},"canonical":"https:\/\/www.eeg-biofeedback-hradec.cz\/poradna\/rodinne-konstelace\/","og_locale":"cs_CZ","og_type":"article","og_title":"Rodinn\u00e9 konstelace - Poradna pro osobn\u00ed a rodinn\u00e9 vztahy | Radom\u00edr a Petra Noskovi | Hradec Kr\u00e1lov\u00e9","og_description":"Na\u0161e rodina je jednou z nejvz\u00e1cn\u011bj\u0161\u00edch v\u011bc\u00ed, co v \u017eivot\u011b m\u00e1me. Bohu\u017eel n\u011bkdy nen\u00ed v\u0161e tak, jak bychom si p\u0159\u00e1li a n\u011bkter\u00e9 vztahy v na\u0161\u00ed rodin\u011b mohou b\u00fdt odklon\u011bny od spr\u00e1vn\u00e9ho sm\u011bru vz\u00e1jemn\u00e9 l\u00e1sky. Rodinn\u00e9 konstelace je metoda, jak tyto nesrovnalosti \u0159e\u0161it. Na\u0161i u\u010ditelkou je PhDr. Ji\u0159ina Prekopov\u00e1, \u010desk\u00e1 psycholo\u017eka p\u016fsob\u00edc\u00ed v zahrani\u010d\u00ed, kter\u00e1 touto... View Article","og_url":"https:\/\/www.eeg-biofeedback-hradec.cz\/poradna\/rodinne-konstelace\/","og_site_name":"Poradna pro osobn\u00ed a rodinn\u00e9 vztahy | Radom\u00edr a Petra Noskovi | Hradec Kr\u00e1lov\u00e9","article_modified_time":"2017-02-21T13:41:25+00:00","twitter_card":"summary_large_image","twitter_misc":{"Odhadovan\u00e1 doba \u010dten\u00ed":"2 minuty"},"schema":{"@context":"https:\/\/schema.org","@graph":[{"@type":"WebSite","@id":"https:\/\/www.eeg-biofeedback-hradec.cz\/poradna\/#website","url":"https:\/\/www.eeg-biofeedback-hradec.cz\/poradna\/","name":"Poradna pro osobn\u00ed a rodinn\u00e9 vztahy | Radom\u00edr a Petra Noskovi | Hradec Kr\u00e1lov\u00e9","description":"","potentialAction":[{"@type":"SearchAction","target":{"@type":"EntryPoint","urlTemplate":"https:\/\/www.eeg-biofeedback-hradec.cz\/poradna\/?s={search_term_string}"},"query-input":"required name=search_term_string"}],"inLanguage":"cs"},{"@type":"WebPage","@id":"https:\/\/www.eeg-biofeedback-hradec.cz\/poradna\/rodinne-konstelace\/#webpage","url":"https:\/\/www.eeg-biofeedback-hradec.cz\/poradna\/rodinne-konstelace\/","name":"Rodinn\u00e9 konstelace - Poradna pro osobn\u00ed a rodinn\u00e9 vztahy | Radom\u00edr a Petra Noskovi | Hradec Kr\u00e1lov\u00e9","isPartOf":{"@id":"https:\/\/www.eeg-biofeedback-hradec.cz\/poradna\/#website"},"datePublished":"2017-02-17T17:15:48+00:00","dateModified":"2017-02-21T13:41:25+00:00","breadcrumb":{"@id":"https:\/\/www.eeg-biofeedback-hradec.cz\/poradna\/rodinne-konstelace\/#breadcrumb"},"inLanguage":"cs","potentialAction":[{"@type":"ReadAction","target":["https:\/\/www.eeg-biofeedback-hradec.cz\/poradna\/rodinne-konstelace\/"]}]},{"@type":"BreadcrumbList","@id":"https:\/\/www.eeg-biofeedback-hradec.cz\/poradna\/rodinne-konstelace\/#breadcrumb","itemListElement":[{"@type":"ListItem","position":1,"name":"Dom\u016f","item":"https:\/\/www.eeg-biofeedback-hradec.cz\/poradna\/"},{"@type":"ListItem","position":2,"name":"Rodinn\u00e9 konstelace"}]}]}},"_links":{"self":[{"href":"https:\/\/www.eeg-biofeedback-hradec.cz\/poradna\/wp-json\/wp\/v2\/pages\/21"}],"collection":[{"href":"https:\/\/www.eeg-biofeedback-hradec.cz\/poradna\/wp-json\/wp\/v2\/pages"}],"about":[{"href":"https:\/\/www.eeg-biofeedback-hradec.cz\/poradna\/wp-json\/wp\/v2\/types\/page"}],"author":[{"embeddable":true,"href":"https:\/\/www.eeg-biofeedback-hradec.cz\/poradna\/wp-json\/wp\/v2\/users\/1"}],"replies":[{"embeddable":true,"href":"https:\/\/www.eeg-biofeedback-hradec.cz\/poradna\/wp-json\/wp\/v2\/comments?post=21"}],"version-history":[{"count":2,"href":"https:\/\/www.eeg-biofeedback-hradec.cz\/poradna\/wp-json\/wp\/v2\/pages\/21\/revisions"}],"predecessor-version":[{"id":77,"href":"https:\/\/www.eeg-biofeedback-hradec.cz\/poradna\/wp-json\/wp\/v2\/pages\/21\/revisions\/77"}],"wp:attachment":[{"href":"https:\/\/www.eeg-biofeedback-hradec.cz\/poradna\/wp-json\/wp\/v2\/media?parent=21"}],"curies":[{"name":"wp","href":"https:\/\/api.w.org\/{rel}","templated":true}]}}

Rodinné konstelace

<p><strong>Naše rodina je jednou z nejvzácnějších věcí, co v životě máme.</strong> Bohužel někdy není vše tak, jak bychom si přáli a některé vztahy v naší rodině mohou být odkloněny od správného směru vzájemné lásky.</p>
<p>Rodinné konstelace je metoda, jak tyto nesrovnalosti řešit.</p>
<p>Naši učitelkou je PhDr. Jiřina Prekopová, česká psycholožka působící v zahraničí, která touto metodou uzdravuje rodinné vztahy. Její učení je uznávané po celém světě a garantuje Vám tak vysokou kvalitu. Sama úzce spolupracovala se zakladatelem metody, Bertem Hellingerem.</p>
<p>Metoda rodinných kontelací zprostředkovává pomocí krátkodobého postupu hluboce působící obraz vlastní rodiny. Tím pomáhá dostat se ke kořenům nejrůznějších vážných životních obtíží, které nám nedovolují jednat v souladu s vlastní žádoucí identitou dospělého člověka.</p>
<p>Příčiny těchto obtíží je třeba vyzvednout z nevědomé oblasti do našeho vědomí, abychom se s nimi byli schopni vypořádat. Nezbytná je ochota smířit se a přijmout skutečnost takovou, jaká je.</p>
<p>Zvláště ve spojení s terapií pevným objetím podle PhDr. J. Prekopové nám pomůže přijmout naše předky se vším, co k nim patří. Tak, abychom si mohli vážit sami sebe, i toho, co jsme po nich zdědili.</p>
<p>Klient podle vlastních pocitů a vidění postaví svoji současnou nebo původní rodinu a znázorní tak její systém. Každého člena rodiny zastupuje jeden člen skupiny. Klient dá každému takové místo v prostoru, jaké cítí, že má v jeho rodině. Terapeut podle výpovědí a postojů zúčastněných hledá chybu, která působí v rodinném systému. Řeší ji změnou postavení, dokud nenajde optimální stav. Rodinné konstelace dávají vlastní poznání a silný citový prožitek nejenom osobě stavějící konstelaci, ale i ostatním účastníkům.</p>
<p><strong>Po mnoha letech stavění rodinných konstelací, jsem změnil způsob práce. Provádím individuální konstelace, kde pracuji v soukromí s klientem, který z předmětů postaví systém a vyjasníme si společně nejdůležitější bod, který ohrožuje vztahy a rovnováhu v jeho rodině.</strong><br />
<strong>Podle potřeby nejdůležitější postavu zastoupím a umožním klientovi smíření a odpuštění.</strong></p>

Naše rodina je jednou z nejvzácnějších věcí, co v životě máme. Bohužel někdy není vše tak, jak bychom si přáli a některé vztahy v naší rodině mohou být odkloněny od správného směru vzájemné lásky. Rodinné konstelace je metoda, jak tyto nesrovnalosti řešit. Naši učitelkou je PhDr. Jiřina Prekopová, česká psycholožka působící v zahraničí, která touto&#8230; <a class="view-article" href="https://www.eeg-biofeedback-hradec.cz/poradna/rodinne-konstelace/">View Article</a>

<!-- This site is optimized with the Yoast SEO plugin v17.7.1 - https://yoast.com/wordpress/plugins/seo/ -->
<meta name="robots" content="index, follow, max-snippet:-1, max-image-preview:large, max-video-preview:-1" />
<link rel="canonical" href="https://www.eeg-biofeedback-hradec.cz/poradna/rodinne-konstelace/" />
<meta property="og:locale" content="cs_CZ" />
<meta property="og:type" content="article" />
<meta property="og:title" content="Rodinné konstelace - Poradna pro osobní a rodinné vztahy | Radomír a Petra Noskovi | Hradec Králové" />
<meta property="og:description" content="Naše rodina je jednou z nejvzácnějších věcí, co v životě máme. Bohužel někdy není vše tak, jak bychom si přáli a některé vztahy v naší rodině mohou být odkloněny od správného směru vzájemné lásky. Rodinné konstelace je metoda, jak tyto nesrovnalosti řešit. Naši učitelkou je PhDr. Jiřina Prekopová, česká psycholožka působící v zahraničí, která touto... View Article" />
<meta property="og:url" content="https://www.eeg-biofeedback-hradec.cz/poradna/rodinne-konstelace/" />
<meta property="og:site_name" content="Poradna pro osobní a rodinné vztahy | Radomír a Petra Noskovi | Hradec Králové" />
<meta property="article:modified_time" content="2017-02-21T13:41:25+00:00" />
<meta name="twitter:card" content="summary_large_image" />
<meta name="twitter:label1" content="Odhadovaná doba čtení" />
	<meta name="twitter:data1" content="2 minuty" />
<script type="application/ld+json" class="yoast-schema-graph">{"@context":"https://schema.org","@graph":[{"@type":"WebSite","@id":"https://www.eeg-biofeedback-hradec.cz/poradna/#website","url":"https://www.eeg-biofeedback-hradec.cz/poradna/","name":"Poradna pro osobn\u00ed a rodinn\u00e9 vztahy | Radom\u00edr a Petra Noskovi | Hradec Kr\u00e1lov\u00e9","description":"","potentialAction":[{"@type":"SearchAction","target":{"@type":"EntryPoint","urlTemplate":"https://www.eeg-biofeedback-hradec.cz/poradna/?s={search_term_string}"},"query-input":"required name=search_term_string"}],"inLanguage":"cs"},{"@type":"WebPage","@id":"https://www.eeg-biofeedback-hradec.cz/poradna/rodinne-konstelace/#webpage","url":"https://www.eeg-biofeedback-hradec.cz/poradna/rodinne-konstelace/","name":"Rodinn\u00e9 konstelace - Poradna pro osobn\u00ed a rodinn\u00e9 vztahy | Radom\u00edr a Petra Noskovi | Hradec Kr\u00e1lov\u00e9","isPartOf":{"@id":"https://www.eeg-biofeedback-hradec.cz/poradna/#website"},"datePublished":"2017-02-17T17:15:48+00:00","dateModified":"2017-02-21T13:41:25+00:00","breadcrumb":{"@id":"https://www.eeg-biofeedback-hradec.cz/poradna/rodinne-konstelace/#breadcrumb"},"inLanguage":"cs","potentialAction":[{"@type":"ReadAction","target":["https://www.eeg-biofeedback-hradec.cz/poradna/rodinne-konstelace/"]}]},{"@type":"BreadcrumbList","@id":"https://www.eeg-biofeedback-hradec.cz/poradna/rodinne-konstelace/#breadcrumb","itemListElement":[{"@type":"ListItem","position":1,"name":"Dom\u016f","item":"https://www.eeg-biofeedback-hradec.cz/poradna/"},{"@type":"ListItem","position":2,"name":"Rodinn\u00e9 konstelace"}]}]}</script>
<!-- / Yoast SEO plugin. -->

Rodinné konstelace - Poradna pro osobní a rodinné vztahy | Radomír a Petra Noskovi | Hradec Králové

Naše rodina je jednou z nejvzácnějších věcí, co v životě máme. Bohužel někdy není vše tak, jak bychom si přáli a některé vztahy v naší rodině mohou být odkloněny od správného směru vzájemné lásky. Rodinné konstelace je metoda, jak tyto nesrovnalosti řešit. Naši učitelkou je PhDr. Jiřina Prekopová, česká psycholožka působící v zahraničí, která touto... View Article

Poradna pro osobní a rodinné vztahy | Radomír a Petra Noskovi | Hradec Králové

Domů
