{"id":24,"date":"2017-02-17T18:18:04","date_gmt":"2017-02-17T17:18:04","guid":{"rendered":"http:\/\/www.eeg-biofeedback-hradec.cz\/poradna\/?page_id=24"},"modified":"2017-02-17T18:18:04","modified_gmt":"2017-02-17T17:18:04","slug":"individualni-terapeuticky-pohovor","status":"publish","type":"page","link":"https:\/\/www.eeg-biofeedback-hradec.cz\/poradna\/individualni-terapeuticky-pohovor\/","title":{"rendered":"Individu\u00e1ln\u00ed terapeutick\u00fd pohovor"},"content":{"rendered":"<p style=\"text-align: center;\"><strong>Jen to, co otev\u0159eme ve sv\u00e9m \u017eivot\u011b a vyjde to na sv\u011btlo, m\u016f\u017ee se pohnout z m\u00edsta.<\/strong><\/p>\n<p>Pracuji s klientem v soukrom\u00ed, kde se m\u016f\u017ee uvolnit a sv\u011b\u0159it mi v\u0161echny sv\u00e9 pocity v prost\u0159ed\u00ed bezpe\u010d\u00ed a d\u016fv\u011b\u0159e.<\/p>\n<p>Jde vlastn\u011b o takov\u00fd vnit\u0159n\u00ed \u00faklid. J\u00e1 nejsem t\u00edm kdo bude ukl\u00edzet a hodnotit (soudit), co je\u0161t\u011b nen\u00ed v po\u0159\u00e1dku.<\/p>\n<p>Spole\u010dn\u011b si posv\u00edt\u00edme do v\u0161ech kout\u016f du\u0161e a mysli. Je na V\u00e1s, co u\u017e je zbyte\u010dn\u00e9 a je t\u0159eba vyhodit a co naopak opr\u00e1\u0161it a vyzvednout na d\u016fle\u017eit\u011bj\u0161\u00ed m\u00edsto.<br \/>\nPak m\u016f\u017eeme spat\u0159it nov\u00fdm pohledem sv\u016fj \u017eivot a rozhodnout se, co zm\u011bnit a co u\u017e nechceme d\u00e1l n\u00e9st.<\/p>\n<p><strong>Jsem Va\u0161\u00edm pr\u016fvodcem, nikoli soudcem.<\/strong><\/p>\n<p>Je pro m\u011b samoz\u0159ejmost\u00ed zachov\u00e1n\u00ed tajemstv\u00ed. Nic, co sd\u011bl\u00edte, se nesm\u00ed bez Va\u0161eho souhlasu, dostat na ve\u0159ejnost. Ani k Va\u0161emu partnerovi.<\/p>\n<p>M\u016f\u017eete svobodn\u011b pustit v\u0161echny zadr\u017eovan\u00e9 emoce: hn\u011bv, smutek, strach, stud, radost, sv\u00e9 touhy a p\u0159\u00e1n\u00ed. Spole\u010dn\u011b potom budeme hledat \u0159e\u0161en\u00ed a \u00falevu pro V\u00e1\u0161 \u017eivot.<br \/>\nJde o p\u0159\u00e1telsk\u00e9 doprov\u00e1zen\u00ed, nikdy ne o pou\u010dov\u00e1n\u00ed a v\u011b\u0161t\u011bn\u00ed budoucnosti. Nejsem kart\u00e1\u0159ka, ani kouzeln\u00edk.<\/p>\n<p><strong>Budete se u n\u00e1s brzy c\u00edtit jako doma a budete odch\u00e1zet s \u00falevou a povzbuzen\u00edm.<\/strong><\/p>\n","protected":false},"excerpt":{"rendered":"Jen to, co otev\u0159eme ve sv\u00e9m \u017eivot\u011b a vyjde to na sv\u011btlo, m\u016f\u017ee se pohnout z m\u00edsta. Pracuji s klientem v soukrom\u00ed, kde se m\u016f\u017ee uvolnit a sv\u011b\u0159it mi v\u0161echny sv\u00e9 pocity v prost\u0159ed\u00ed bezpe\u010d\u00ed a d\u016fv\u011b\u0159e. Jde vlastn\u011b o takov\u00fd vnit\u0159n\u00ed \u00faklid. J\u00e1 nejsem t\u00edm kdo bude ukl\u00edzet a hodnotit (soudit), co je\u0161t\u011b nen\u00ed&#8230; <a class=\"view-article\" href=\"https:\/\/www.eeg-biofeedback-hradec.cz\/poradna\/individualni-terapeuticky-pohovor\/\">View Article<\/a>","protected":false},"author":1,"featured_media":0,"parent":0,"menu_order":0,"comment_status":"closed","ping_status":"closed","template":"","meta":[],"acf":[],"yoast_head":"<!-- This site is optimized with the Yoast SEO plugin v17.7.1 - https:\/\/yoast.com\/wordpress\/plugins\/seo\/ -->\n<meta name=\"robots\" content=\"index, follow, max-snippet:-1, max-image-preview:large, max-video-preview:-1\" \/>\n<link rel=\"canonical\" href=\"http:\/\/www.eeg-biofeedback-hradec.cz\/poradna\/individualni-terapeuticky-pohovor\/\" \/>\n<meta property=\"og:locale\" content=\"cs_CZ\" \/>\n<meta property=\"og:type\" content=\"article\" \/>\n<meta property=\"og:title\" content=\"Individu\u00e1ln\u00ed terapeutick\u00fd pohovor - Poradna pro osobn\u00ed a rodinn\u00e9 vztahy | Radom\u00edr a Petra Noskovi | Hradec Kr\u00e1lov\u00e9\" \/>\n<meta property=\"og:description\" content=\"Jen to, co otev\u0159eme ve sv\u00e9m \u017eivot\u011b a vyjde to na sv\u011btlo, m\u016f\u017ee se pohnout z m\u00edsta. Pracuji s klientem v soukrom\u00ed, kde se m\u016f\u017ee uvolnit a sv\u011b\u0159it mi v\u0161echny sv\u00e9 pocity v prost\u0159ed\u00ed bezpe\u010d\u00ed a d\u016fv\u011b\u0159e. Jde vlastn\u011b o takov\u00fd vnit\u0159n\u00ed \u00faklid. J\u00e1 nejsem t\u00edm kdo bude ukl\u00edzet a hodnotit (soudit), co je\u0161t\u011b nen\u00ed... View Article\" \/>\n<meta property=\"og:url\" content=\"http:\/\/www.eeg-biofeedback-hradec.cz\/poradna\/individualni-terapeuticky-pohovor\/\" \/>\n<meta property=\"og:site_name\" content=\"Poradna pro osobn\u00ed a rodinn\u00e9 vztahy | Radom\u00edr a Petra Noskovi | Hradec Kr\u00e1lov\u00e9\" \/>\n<meta name=\"twitter:card\" content=\"summary_large_image\" \/>\n<meta name=\"twitter:label1\" content=\"Odhadovan\u00e1 doba \u010dten\u00ed\" \/>\n\t<meta name=\"twitter:data1\" content=\"1 minuta\" \/>\n<script type=\"application\/ld+json\" class=\"yoast-schema-graph\">{\"@context\":\"https:\/\/schema.org\",\"@graph\":[{\"@type\":\"WebSite\",\"@id\":\"https:\/\/www.eeg-biofeedback-hradec.cz\/poradna\/#website\",\"url\":\"https:\/\/www.eeg-biofeedback-hradec.cz\/poradna\/\",\"name\":\"Poradna pro osobn\\u00ed a rodinn\\u00e9 vztahy | Radom\\u00edr a Petra Noskovi | Hradec Kr\\u00e1lov\\u00e9\",\"description\":\"\",\"potentialAction\":[{\"@type\":\"SearchAction\",\"target\":{\"@type\":\"EntryPoint\",\"urlTemplate\":\"https:\/\/www.eeg-biofeedback-hradec.cz\/poradna\/?s={search_term_string}\"},\"query-input\":\"required name=search_term_string\"}],\"inLanguage\":\"cs\"},{\"@type\":\"WebPage\",\"@id\":\"http:\/\/www.eeg-biofeedback-hradec.cz\/poradna\/individualni-terapeuticky-pohovor\/#webpage\",\"url\":\"http:\/\/www.eeg-biofeedback-hradec.cz\/poradna\/individualni-terapeuticky-pohovor\/\",\"name\":\"Individu\\u00e1ln\\u00ed terapeutick\\u00fd pohovor - Poradna pro osobn\\u00ed a rodinn\\u00e9 vztahy | Radom\\u00edr a Petra Noskovi | Hradec Kr\\u00e1lov\\u00e9\",\"isPartOf\":{\"@id\":\"https:\/\/www.eeg-biofeedback-hradec.cz\/poradna\/#website\"},\"datePublished\":\"2017-02-17T17:18:04+00:00\",\"dateModified\":\"2017-02-17T17:18:04+00:00\",\"breadcrumb\":{\"@id\":\"http:\/\/www.eeg-biofeedback-hradec.cz\/poradna\/individualni-terapeuticky-pohovor\/#breadcrumb\"},\"inLanguage\":\"cs\",\"potentialAction\":[{\"@type\":\"ReadAction\",\"target\":[\"http:\/\/www.eeg-biofeedback-hradec.cz\/poradna\/individualni-terapeuticky-pohovor\/\"]}]},{\"@type\":\"BreadcrumbList\",\"@id\":\"http:\/\/www.eeg-biofeedback-hradec.cz\/poradna\/individualni-terapeuticky-pohovor\/#breadcrumb\",\"itemListElement\":[{\"@type\":\"ListItem\",\"position\":1,\"name\":\"Dom\\u016f\",\"item\":\"https:\/\/www.eeg-biofeedback-hradec.cz\/poradna\/\"},{\"@type\":\"ListItem\",\"position\":2,\"name\":\"Individu\\u00e1ln\\u00ed terapeutick\\u00fd pohovor\"}]}]}<\/script>\n<!-- \/ Yoast SEO plugin. -->","yoast_head_json":{"robots":{"index":"index","follow":"follow","max-snippet":"max-snippet:-1","max-image-preview":"max-image-preview:large","max-video-preview":"max-video-preview:-1"},"canonical":"http:\/\/www.eeg-biofeedback-hradec.cz\/poradna\/individualni-terapeuticky-pohovor\/","og_locale":"cs_CZ","og_type":"article","og_title":"Individu\u00e1ln\u00ed terapeutick\u00fd pohovor - Poradna pro osobn\u00ed a rodinn\u00e9 vztahy | Radom\u00edr a Petra Noskovi | Hradec Kr\u00e1lov\u00e9","og_description":"Jen to, co otev\u0159eme ve sv\u00e9m \u017eivot\u011b a vyjde to na sv\u011btlo, m\u016f\u017ee se pohnout z m\u00edsta. Pracuji s klientem v soukrom\u00ed, kde se m\u016f\u017ee uvolnit a sv\u011b\u0159it mi v\u0161echny sv\u00e9 pocity v prost\u0159ed\u00ed bezpe\u010d\u00ed a d\u016fv\u011b\u0159e. Jde vlastn\u011b o takov\u00fd vnit\u0159n\u00ed \u00faklid. J\u00e1 nejsem t\u00edm kdo bude ukl\u00edzet a hodnotit (soudit), co je\u0161t\u011b nen\u00ed... View Article","og_url":"http:\/\/www.eeg-biofeedback-hradec.cz\/poradna\/individualni-terapeuticky-pohovor\/","og_site_name":"Poradna pro osobn\u00ed a rodinn\u00e9 vztahy | Radom\u00edr a Petra Noskovi | Hradec Kr\u00e1lov\u00e9","twitter_card":"summary_large_image","twitter_misc":{"Odhadovan\u00e1 doba \u010dten\u00ed":"1 minuta"},"schema":{"@context":"https:\/\/schema.org","@graph":[{"@type":"WebSite","@id":"https:\/\/www.eeg-biofeedback-hradec.cz\/poradna\/#website","url":"https:\/\/www.eeg-biofeedback-hradec.cz\/poradna\/","name":"Poradna pro osobn\u00ed a rodinn\u00e9 vztahy | Radom\u00edr a Petra Noskovi | Hradec Kr\u00e1lov\u00e9","description":"","potentialAction":[{"@type":"SearchAction","target":{"@type":"EntryPoint","urlTemplate":"https:\/\/www.eeg-biofeedback-hradec.cz\/poradna\/?s={search_term_string}"},"query-input":"required name=search_term_string"}],"inLanguage":"cs"},{"@type":"WebPage","@id":"http:\/\/www.eeg-biofeedback-hradec.cz\/poradna\/individualni-terapeuticky-pohovor\/#webpage","url":"http:\/\/www.eeg-biofeedback-hradec.cz\/poradna\/individualni-terapeuticky-pohovor\/","name":"Individu\u00e1ln\u00ed terapeutick\u00fd pohovor - Poradna pro osobn\u00ed a rodinn\u00e9 vztahy | Radom\u00edr a Petra Noskovi | Hradec Kr\u00e1lov\u00e9","isPartOf":{"@id":"https:\/\/www.eeg-biofeedback-hradec.cz\/poradna\/#website"},"datePublished":"2017-02-17T17:18:04+00:00","dateModified":"2017-02-17T17:18:04+00:00","breadcrumb":{"@id":"http:\/\/www.eeg-biofeedback-hradec.cz\/poradna\/individualni-terapeuticky-pohovor\/#breadcrumb"},"inLanguage":"cs","potentialAction":[{"@type":"ReadAction","target":["http:\/\/www.eeg-biofeedback-hradec.cz\/poradna\/individualni-terapeuticky-pohovor\/"]}]},{"@type":"BreadcrumbList","@id":"http:\/\/www.eeg-biofeedback-hradec.cz\/poradna\/individualni-terapeuticky-pohovor\/#breadcrumb","itemListElement":[{"@type":"ListItem","position":1,"name":"Dom\u016f","item":"https:\/\/www.eeg-biofeedback-hradec.cz\/poradna\/"},{"@type":"ListItem","position":2,"name":"Individu\u00e1ln\u00ed terapeutick\u00fd pohovor"}]}]}},"_links":{"self":[{"href":"https:\/\/www.eeg-biofeedback-hradec.cz\/poradna\/wp-json\/wp\/v2\/pages\/24"}],"collection":[{"href":"https:\/\/www.eeg-biofeedback-hradec.cz\/poradna\/wp-json\/wp\/v2\/pages"}],"about":[{"href":"https:\/\/www.eeg-biofeedback-hradec.cz\/poradna\/wp-json\/wp\/v2\/types\/page"}],"author":[{"embeddable":true,"href":"https:\/\/www.eeg-biofeedback-hradec.cz\/poradna\/wp-json\/wp\/v2\/users\/1"}],"replies":[{"embeddable":true,"href":"https:\/\/www.eeg-biofeedback-hradec.cz\/poradna\/wp-json\/wp\/v2\/comments?post=24"}],"version-history":[{"count":1,"href":"https:\/\/www.eeg-biofeedback-hradec.cz\/poradna\/wp-json\/wp\/v2\/pages\/24\/revisions"}],"predecessor-version":[{"id":25,"href":"https:\/\/www.eeg-biofeedback-hradec.cz\/poradna\/wp-json\/wp\/v2\/pages\/24\/revisions\/25"}],"wp:attachment":[{"href":"https:\/\/www.eeg-biofeedback-hradec.cz\/poradna\/wp-json\/wp\/v2\/media?parent=24"}],"curies":[{"name":"wp","href":"https:\/\/api.w.org\/{rel}","templated":true}]}}

Individuální terapeutický pohovor

<p style="text-align: center;"><strong>Jen to, co otevřeme ve svém životě a vyjde to na světlo, může se pohnout z místa.</strong></p>
<p>Pracuji s klientem v soukromí, kde se může uvolnit a svěřit mi všechny své pocity v prostředí bezpečí a důvěře.</p>
<p>Jde vlastně o takový vnitřní úklid. Já nejsem tím kdo bude uklízet a hodnotit (soudit), co ještě není v pořádku.</p>
<p>Společně si posvítíme do všech koutů duše a mysli. Je na Vás, co už je zbytečné a je třeba vyhodit a co naopak oprášit a vyzvednout na důležitější místo.<br />
Pak můžeme spatřit novým pohledem svůj život a rozhodnout se, co změnit a co už nechceme dál nést.</p>
<p><strong>Jsem Vaším průvodcem, nikoli soudcem.</strong></p>
<p>Je pro mě samozřejmostí zachování tajemství. Nic, co sdělíte, se nesmí bez Vašeho souhlasu, dostat na veřejnost. Ani k Vašemu partnerovi.</p>
<p>Můžete svobodně pustit všechny zadržované emoce: hněv, smutek, strach, stud, radost, své touhy a přání. Společně potom budeme hledat řešení a úlevu pro Váš život.<br />
Jde o přátelské doprovázení, nikdy ne o poučování a věštění budoucnosti. Nejsem kartářka, ani kouzelník.</p>
<p><strong>Budete se u nás brzy cítit jako doma a budete odcházet s úlevou a povzbuzením.</strong></p>

Jen to, co otevřeme ve svém životě a vyjde to na světlo, může se pohnout z místa. Pracuji s klientem v soukromí, kde se může uvolnit a svěřit mi všechny své pocity v prostředí bezpečí a důvěře. Jde vlastně o takový vnitřní úklid. Já nejsem tím kdo bude uklízet a hodnotit (soudit), co ještě není&#8230; <a class="view-article" href="https://www.eeg-biofeedback-hradec.cz/poradna/individualni-terapeuticky-pohovor/">View Article</a>

<!-- This site is optimized with the Yoast SEO plugin v17.7.1 - https://yoast.com/wordpress/plugins/seo/ -->
<meta name="robots" content="index, follow, max-snippet:-1, max-image-preview:large, max-video-preview:-1" />
<link rel="canonical" href="http://www.eeg-biofeedback-hradec.cz/poradna/individualni-terapeuticky-pohovor/" />
<meta property="og:locale" content="cs_CZ" />
<meta property="og:type" content="article" />
<meta property="og:title" content="Individuální terapeutický pohovor - Poradna pro osobní a rodinné vztahy | Radomír a Petra Noskovi | Hradec Králové" />
<meta property="og:description" content="Jen to, co otevřeme ve svém životě a vyjde to na světlo, může se pohnout z místa. Pracuji s klientem v soukromí, kde se může uvolnit a svěřit mi všechny své pocity v prostředí bezpečí a důvěře. Jde vlastně o takový vnitřní úklid. Já nejsem tím kdo bude uklízet a hodnotit (soudit), co ještě není... View Article" />
<meta property="og:url" content="http://www.eeg-biofeedback-hradec.cz/poradna/individualni-terapeuticky-pohovor/" />
<meta property="og:site_name" content="Poradna pro osobní a rodinné vztahy | Radomír a Petra Noskovi | Hradec Králové" />
<meta name="twitter:card" content="summary_large_image" />
<meta name="twitter:label1" content="Odhadovaná doba čtení" />
	<meta name="twitter:data1" content="1 minuta" />
<script type="application/ld+json" class="yoast-schema-graph">{"@context":"https://schema.org","@graph":[{"@type":"WebSite","@id":"https://www.eeg-biofeedback-hradec.cz/poradna/#website","url":"https://www.eeg-biofeedback-hradec.cz/poradna/","name":"Poradna pro osobn\u00ed a rodinn\u00e9 vztahy | Radom\u00edr a Petra Noskovi | Hradec Kr\u00e1lov\u00e9","description":"","potentialAction":[{"@type":"SearchAction","target":{"@type":"EntryPoint","urlTemplate":"https://www.eeg-biofeedback-hradec.cz/poradna/?s={search_term_string}"},"query-input":"required name=search_term_string"}],"inLanguage":"cs"},{"@type":"WebPage","@id":"http://www.eeg-biofeedback-hradec.cz/poradna/individualni-terapeuticky-pohovor/#webpage","url":"http://www.eeg-biofeedback-hradec.cz/poradna/individualni-terapeuticky-pohovor/","name":"Individu\u00e1ln\u00ed terapeutick\u00fd pohovor - Poradna pro osobn\u00ed a rodinn\u00e9 vztahy | Radom\u00edr a Petra Noskovi | Hradec Kr\u00e1lov\u00e9","isPartOf":{"@id":"https://www.eeg-biofeedback-hradec.cz/poradna/#website"},"datePublished":"2017-02-17T17:18:04+00:00","dateModified":"2017-02-17T17:18:04+00:00","breadcrumb":{"@id":"http://www.eeg-biofeedback-hradec.cz/poradna/individualni-terapeuticky-pohovor/#breadcrumb"},"inLanguage":"cs","potentialAction":[{"@type":"ReadAction","target":["http://www.eeg-biofeedback-hradec.cz/poradna/individualni-terapeuticky-pohovor/"]}]},{"@type":"BreadcrumbList","@id":"http://www.eeg-biofeedback-hradec.cz/poradna/individualni-terapeuticky-pohovor/#breadcrumb","itemListElement":[{"@type":"ListItem","position":1,"name":"Dom\u016f","item":"https://www.eeg-biofeedback-hradec.cz/poradna/"},{"@type":"ListItem","position":2,"name":"Individu\u00e1ln\u00ed terapeutick\u00fd pohovor"}]}]}</script>
<!-- / Yoast SEO plugin. -->

Individuální terapeutický pohovor - Poradna pro osobní a rodinné vztahy | Radomír a Petra Noskovi | Hradec Králové

Jen to, co otevřeme ve svém životě a vyjde to na světlo, může se pohnout z místa. Pracuji s klientem v soukromí, kde se může uvolnit a svěřit mi všechny své pocity v prostředí bezpečí a důvěře. Jde vlastně o takový vnitřní úklid. Já nejsem tím kdo bude uklízet a hodnotit (soudit), co ještě není... View Article

Poradna pro osobní a rodinné vztahy | Radomír a Petra Noskovi | Hradec Králové

Domů
