{"id":27,"date":"2017-02-17T18:18:57","date_gmt":"2017-02-17T17:18:57","guid":{"rendered":"http:\/\/www.eeg-biofeedback-hradec.cz\/poradna\/?page_id=27"},"modified":"2017-02-17T18:19:03","modified_gmt":"2017-02-17T17:19:03","slug":"poradna-pro-rodice-deti-s-vychovnymi-a-studijnimi-problemy","status":"publish","type":"page","link":"https:\/\/www.eeg-biofeedback-hradec.cz\/poradna\/poradna-pro-rodice-deti-s-vychovnymi-a-studijnimi-problemy\/","title":{"rendered":"Poradna pro rodi\u010de d\u011bt\u00ed s v\u00fdchovn\u00fdmi a studijn\u00edmi probl\u00e9my"},"content":{"rendered":"<p>Pracuji 20 let s d\u011btmi, kter\u00e9 maj\u00ed v\u00fdchovn\u00e9 probl\u00e9my a pot\u00ed\u017ee s u\u010den\u00edm.<\/p>\n<p>S\u00e1m jsem m\u011bl poruchu u\u010den\u00ed, dyslexii a dysortografii. Ve \u0161kole jsem pro\u0161el \u0161ikanou a nepochopen\u00edm od u\u010ditel\u016f! Proto m\u00e1m velk\u00e9 pochopen\u00ed pro d\u011bti, kter\u00fdm to nejde snadno a hladce a prost\u0159ed\u00ed, ve kter\u00e9m jsou, je stresuje a sni\u017euje jim sebev\u011bdom\u00ed. Ch\u00e1pu tak\u00e9 jejich velk\u00fd odpor ke \u0161kole, a jejich agresivitu, kter\u00e1 je \u010dasto p\u0159irozenu reakc\u00ed na velkou bolest, kterou pro\u017e\u00edvaj\u00ed. N\u011bkdy syst\u00e9m \u0161kolstv\u00ed nerespektuje p\u0159irozenost d\u00edt\u011bte a jeho pot\u0159eby. Jeho soust\u0159ed\u011bn\u00ed na v\u00fdkon a sout\u011b\u017eivost podr\u00e1\u017e\u00ed nohy t\u011bm, kter\u00fdm by m\u011bl pomoci.<br \/>\nJsme v na\u0161\u00ed poradn\u011b p\u0159ipraveni t\u011bmto d\u011btem pomoci naj\u00edt znovu rovnov\u00e1hu a chu\u0165 se vzd\u011bl\u00e1vat.<\/p>\n<p>Splupracoval jsem s odborn\u00edky, nap\u0159\u00edklad s PhDr. Ji\u0159inou Prekopovou, PhDr. Jaroslavem \u0160turmou, Prof. MUDr. J. Faberem, DrSc., prim\u00e1\u0159em MUDr. Ing. S. Petr\u00e1nkem, CSc., PhDr. J. Tylem&#8230;<br \/>\nV\u00edm proto, \u017ee v\u017edy se najde cesta, jak uleh\u010dit \u017eivot rodi\u010d\u016fm, i d\u011btem.<\/p>\n<p><strong>V\u017edy je zapot\u0159eb\u00ed spolupr\u00e1ce cel\u00e9 rodiny, p\u0159\u00edpadn\u011b \u0161koly.<\/strong><\/p>\n","protected":false},"excerpt":{"rendered":"Pracuji 20 let s d\u011btmi, kter\u00e9 maj\u00ed v\u00fdchovn\u00e9 probl\u00e9my a pot\u00ed\u017ee s u\u010den\u00edm. S\u00e1m jsem m\u011bl poruchu u\u010den\u00ed, dyslexii a dysortografii. Ve \u0161kole jsem pro\u0161el \u0161ikanou a nepochopen\u00edm od u\u010ditel\u016f! Proto m\u00e1m velk\u00e9 pochopen\u00ed pro d\u011bti, kter\u00fdm to nejde snadno a hladce a prost\u0159ed\u00ed, ve kter\u00e9m jsou, je stresuje a sni\u017euje jim sebev\u011bdom\u00ed. Ch\u00e1pu tak\u00e9&#8230; <a class=\"view-article\" href=\"https:\/\/www.eeg-biofeedback-hradec.cz\/poradna\/poradna-pro-rodice-deti-s-vychovnymi-a-studijnimi-problemy\/\">View Article<\/a>","protected":false},"author":1,"featured_media":0,"parent":0,"menu_order":0,"comment_status":"closed","ping_status":"closed","template":"","meta":[],"acf":[],"yoast_head":"<!-- This site is optimized with the Yoast SEO plugin v17.7.1 - https:\/\/yoast.com\/wordpress\/plugins\/seo\/ -->\n<meta name=\"robots\" content=\"index, follow, max-snippet:-1, max-image-preview:large, max-video-preview:-1\" \/>\n<link rel=\"canonical\" href=\"http:\/\/www.eeg-biofeedback-hradec.cz\/poradna\/poradna-pro-rodice-deti-s-vychovnymi-a-studijnimi-problemy\/\" \/>\n<meta property=\"og:locale\" content=\"cs_CZ\" \/>\n<meta property=\"og:type\" content=\"article\" \/>\n<meta property=\"og:title\" content=\"Poradna pro rodi\u010de d\u011bt\u00ed s v\u00fdchovn\u00fdmi a studijn\u00edmi probl\u00e9my - Poradna pro osobn\u00ed a rodinn\u00e9 vztahy | Radom\u00edr a Petra Noskovi | Hradec Kr\u00e1lov\u00e9\" \/>\n<meta property=\"og:description\" content=\"Pracuji 20 let s d\u011btmi, kter\u00e9 maj\u00ed v\u00fdchovn\u00e9 probl\u00e9my a pot\u00ed\u017ee s u\u010den\u00edm. S\u00e1m jsem m\u011bl poruchu u\u010den\u00ed, dyslexii a dysortografii. Ve \u0161kole jsem pro\u0161el \u0161ikanou a nepochopen\u00edm od u\u010ditel\u016f! Proto m\u00e1m velk\u00e9 pochopen\u00ed pro d\u011bti, kter\u00fdm to nejde snadno a hladce a prost\u0159ed\u00ed, ve kter\u00e9m jsou, je stresuje a sni\u017euje jim sebev\u011bdom\u00ed. Ch\u00e1pu tak\u00e9... View Article\" \/>\n<meta property=\"og:url\" content=\"http:\/\/www.eeg-biofeedback-hradec.cz\/poradna\/poradna-pro-rodice-deti-s-vychovnymi-a-studijnimi-problemy\/\" \/>\n<meta property=\"og:site_name\" content=\"Poradna pro osobn\u00ed a rodinn\u00e9 vztahy | Radom\u00edr a Petra Noskovi | Hradec Kr\u00e1lov\u00e9\" \/>\n<meta property=\"article:modified_time\" content=\"2017-02-17T17:19:03+00:00\" \/>\n<meta name=\"twitter:card\" content=\"summary_large_image\" \/>\n<meta name=\"twitter:label1\" content=\"Odhadovan\u00e1 doba \u010dten\u00ed\" \/>\n\t<meta name=\"twitter:data1\" content=\"1 minuta\" \/>\n<script type=\"application\/ld+json\" class=\"yoast-schema-graph\">{\"@context\":\"https:\/\/schema.org\",\"@graph\":[{\"@type\":\"WebSite\",\"@id\":\"https:\/\/www.eeg-biofeedback-hradec.cz\/poradna\/#website\",\"url\":\"https:\/\/www.eeg-biofeedback-hradec.cz\/poradna\/\",\"name\":\"Poradna pro osobn\\u00ed a rodinn\\u00e9 vztahy | Radom\\u00edr a Petra Noskovi | Hradec Kr\\u00e1lov\\u00e9\",\"description\":\"\",\"potentialAction\":[{\"@type\":\"SearchAction\",\"target\":{\"@type\":\"EntryPoint\",\"urlTemplate\":\"https:\/\/www.eeg-biofeedback-hradec.cz\/poradna\/?s={search_term_string}\"},\"query-input\":\"required name=search_term_string\"}],\"inLanguage\":\"cs\"},{\"@type\":\"WebPage\",\"@id\":\"http:\/\/www.eeg-biofeedback-hradec.cz\/poradna\/poradna-pro-rodice-deti-s-vychovnymi-a-studijnimi-problemy\/#webpage\",\"url\":\"http:\/\/www.eeg-biofeedback-hradec.cz\/poradna\/poradna-pro-rodice-deti-s-vychovnymi-a-studijnimi-problemy\/\",\"name\":\"Poradna pro rodi\\u010de d\\u011bt\\u00ed s v\\u00fdchovn\\u00fdmi a studijn\\u00edmi probl\\u00e9my - Poradna pro osobn\\u00ed a rodinn\\u00e9 vztahy | Radom\\u00edr a Petra Noskovi | Hradec Kr\\u00e1lov\\u00e9\",\"isPartOf\":{\"@id\":\"https:\/\/www.eeg-biofeedback-hradec.cz\/poradna\/#website\"},\"datePublished\":\"2017-02-17T17:18:57+00:00\",\"dateModified\":\"2017-02-17T17:19:03+00:00\",\"breadcrumb\":{\"@id\":\"http:\/\/www.eeg-biofeedback-hradec.cz\/poradna\/poradna-pro-rodice-deti-s-vychovnymi-a-studijnimi-problemy\/#breadcrumb\"},\"inLanguage\":\"cs\",\"potentialAction\":[{\"@type\":\"ReadAction\",\"target\":[\"http:\/\/www.eeg-biofeedback-hradec.cz\/poradna\/poradna-pro-rodice-deti-s-vychovnymi-a-studijnimi-problemy\/\"]}]},{\"@type\":\"BreadcrumbList\",\"@id\":\"http:\/\/www.eeg-biofeedback-hradec.cz\/poradna\/poradna-pro-rodice-deti-s-vychovnymi-a-studijnimi-problemy\/#breadcrumb\",\"itemListElement\":[{\"@type\":\"ListItem\",\"position\":1,\"name\":\"Dom\\u016f\",\"item\":\"https:\/\/www.eeg-biofeedback-hradec.cz\/poradna\/\"},{\"@type\":\"ListItem\",\"position\":2,\"name\":\"Poradna pro rodi\\u010de d\\u011bt\\u00ed s v\\u00fdchovn\\u00fdmi a studijn\\u00edmi probl\\u00e9my\"}]}]}<\/script>\n<!-- \/ Yoast SEO plugin. -->","yoast_head_json":{"robots":{"index":"index","follow":"follow","max-snippet":"max-snippet:-1","max-image-preview":"max-image-preview:large","max-video-preview":"max-video-preview:-1"},"canonical":"http:\/\/www.eeg-biofeedback-hradec.cz\/poradna\/poradna-pro-rodice-deti-s-vychovnymi-a-studijnimi-problemy\/","og_locale":"cs_CZ","og_type":"article","og_title":"Poradna pro rodi\u010de d\u011bt\u00ed s v\u00fdchovn\u00fdmi a studijn\u00edmi probl\u00e9my - Poradna pro osobn\u00ed a rodinn\u00e9 vztahy | Radom\u00edr a Petra Noskovi | Hradec Kr\u00e1lov\u00e9","og_description":"Pracuji 20 let s d\u011btmi, kter\u00e9 maj\u00ed v\u00fdchovn\u00e9 probl\u00e9my a pot\u00ed\u017ee s u\u010den\u00edm. S\u00e1m jsem m\u011bl poruchu u\u010den\u00ed, dyslexii a dysortografii. Ve \u0161kole jsem pro\u0161el \u0161ikanou a nepochopen\u00edm od u\u010ditel\u016f! Proto m\u00e1m velk\u00e9 pochopen\u00ed pro d\u011bti, kter\u00fdm to nejde snadno a hladce a prost\u0159ed\u00ed, ve kter\u00e9m jsou, je stresuje a sni\u017euje jim sebev\u011bdom\u00ed. Ch\u00e1pu tak\u00e9... View Article","og_url":"http:\/\/www.eeg-biofeedback-hradec.cz\/poradna\/poradna-pro-rodice-deti-s-vychovnymi-a-studijnimi-problemy\/","og_site_name":"Poradna pro osobn\u00ed a rodinn\u00e9 vztahy | Radom\u00edr a Petra Noskovi | Hradec Kr\u00e1lov\u00e9","article_modified_time":"2017-02-17T17:19:03+00:00","twitter_card":"summary_large_image","twitter_misc":{"Odhadovan\u00e1 doba \u010dten\u00ed":"1 minuta"},"schema":{"@context":"https:\/\/schema.org","@graph":[{"@type":"WebSite","@id":"https:\/\/www.eeg-biofeedback-hradec.cz\/poradna\/#website","url":"https:\/\/www.eeg-biofeedback-hradec.cz\/poradna\/","name":"Poradna pro osobn\u00ed a rodinn\u00e9 vztahy | Radom\u00edr a Petra Noskovi | Hradec Kr\u00e1lov\u00e9","description":"","potentialAction":[{"@type":"SearchAction","target":{"@type":"EntryPoint","urlTemplate":"https:\/\/www.eeg-biofeedback-hradec.cz\/poradna\/?s={search_term_string}"},"query-input":"required name=search_term_string"}],"inLanguage":"cs"},{"@type":"WebPage","@id":"http:\/\/www.eeg-biofeedback-hradec.cz\/poradna\/poradna-pro-rodice-deti-s-vychovnymi-a-studijnimi-problemy\/#webpage","url":"http:\/\/www.eeg-biofeedback-hradec.cz\/poradna\/poradna-pro-rodice-deti-s-vychovnymi-a-studijnimi-problemy\/","name":"Poradna pro rodi\u010de d\u011bt\u00ed s v\u00fdchovn\u00fdmi a studijn\u00edmi probl\u00e9my - Poradna pro osobn\u00ed a rodinn\u00e9 vztahy | Radom\u00edr a Petra Noskovi | Hradec Kr\u00e1lov\u00e9","isPartOf":{"@id":"https:\/\/www.eeg-biofeedback-hradec.cz\/poradna\/#website"},"datePublished":"2017-02-17T17:18:57+00:00","dateModified":"2017-02-17T17:19:03+00:00","breadcrumb":{"@id":"http:\/\/www.eeg-biofeedback-hradec.cz\/poradna\/poradna-pro-rodice-deti-s-vychovnymi-a-studijnimi-problemy\/#breadcrumb"},"inLanguage":"cs","potentialAction":[{"@type":"ReadAction","target":["http:\/\/www.eeg-biofeedback-hradec.cz\/poradna\/poradna-pro-rodice-deti-s-vychovnymi-a-studijnimi-problemy\/"]}]},{"@type":"BreadcrumbList","@id":"http:\/\/www.eeg-biofeedback-hradec.cz\/poradna\/poradna-pro-rodice-deti-s-vychovnymi-a-studijnimi-problemy\/#breadcrumb","itemListElement":[{"@type":"ListItem","position":1,"name":"Dom\u016f","item":"https:\/\/www.eeg-biofeedback-hradec.cz\/poradna\/"},{"@type":"ListItem","position":2,"name":"Poradna pro rodi\u010de d\u011bt\u00ed s v\u00fdchovn\u00fdmi a studijn\u00edmi probl\u00e9my"}]}]}},"_links":{"self":[{"href":"https:\/\/www.eeg-biofeedback-hradec.cz\/poradna\/wp-json\/wp\/v2\/pages\/27"}],"collection":[{"href":"https:\/\/www.eeg-biofeedback-hradec.cz\/poradna\/wp-json\/wp\/v2\/pages"}],"about":[{"href":"https:\/\/www.eeg-biofeedback-hradec.cz\/poradna\/wp-json\/wp\/v2\/types\/page"}],"author":[{"embeddable":true,"href":"https:\/\/www.eeg-biofeedback-hradec.cz\/poradna\/wp-json\/wp\/v2\/users\/1"}],"replies":[{"embeddable":true,"href":"https:\/\/www.eeg-biofeedback-hradec.cz\/poradna\/wp-json\/wp\/v2\/comments?post=27"}],"version-history":[{"count":2,"href":"https:\/\/www.eeg-biofeedback-hradec.cz\/poradna\/wp-json\/wp\/v2\/pages\/27\/revisions"}],"predecessor-version":[{"id":29,"href":"https:\/\/www.eeg-biofeedback-hradec.cz\/poradna\/wp-json\/wp\/v2\/pages\/27\/revisions\/29"}],"wp:attachment":[{"href":"https:\/\/www.eeg-biofeedback-hradec.cz\/poradna\/wp-json\/wp\/v2\/media?parent=27"}],"curies":[{"name":"wp","href":"https:\/\/api.w.org\/{rel}","templated":true}]}}

Poradna pro rodiče dětí s výchovnými a studijními problémy

<p>Pracuji 20 let s dětmi, které mají výchovné problémy a potíže s učením.</p>
<p>Sám jsem měl poruchu učení, dyslexii a dysortografii. Ve škole jsem prošel šikanou a nepochopením od učitelů! Proto mám velké pochopení pro děti, kterým to nejde snadno a hladce a prostředí, ve kterém jsou, je stresuje a snižuje jim sebevědomí. Chápu také jejich velký odpor ke škole, a jejich agresivitu, která je často přirozenu reakcí na velkou bolest, kterou prožívají. Někdy systém školství nerespektuje přirozenost dítěte a jeho potřeby. Jeho soustředění na výkon a soutěživost podráží nohy těm, kterým by měl pomoci.<br />
Jsme v naší poradně připraveni těmto dětem pomoci najít znovu rovnováhu a chuť se vzdělávat.</p>
<p>Splupracoval jsem s odborníky, například s PhDr. Jiřinou Prekopovou, PhDr. Jaroslavem Šturmou, Prof. MUDr. J. Faberem, DrSc., primářem MUDr. Ing. S. Petránkem, CSc., PhDr. J. Tylem&#8230;<br />
Vím proto, že vždy se najde cesta, jak ulehčit život rodičům, i dětem.</p>
<p><strong>Vždy je zapotřebí spolupráce celé rodiny, případně školy.</strong></p>

Pracuji 20 let s dětmi, které mají výchovné problémy a potíže s učením. Sám jsem měl poruchu učení, dyslexii a dysortografii. Ve škole jsem prošel šikanou a nepochopením od učitelů! Proto mám velké pochopení pro děti, kterým to nejde snadno a hladce a prostředí, ve kterém jsou, je stresuje a snižuje jim sebevědomí. Chápu také&#8230; <a class="view-article" href="https://www.eeg-biofeedback-hradec.cz/poradna/poradna-pro-rodice-deti-s-vychovnymi-a-studijnimi-problemy/">View Article</a>

<!-- This site is optimized with the Yoast SEO plugin v17.7.1 - https://yoast.com/wordpress/plugins/seo/ -->
<meta name="robots" content="index, follow, max-snippet:-1, max-image-preview:large, max-video-preview:-1" />
<link rel="canonical" href="http://www.eeg-biofeedback-hradec.cz/poradna/poradna-pro-rodice-deti-s-vychovnymi-a-studijnimi-problemy/" />
<meta property="og:locale" content="cs_CZ" />
<meta property="og:type" content="article" />
<meta property="og:title" content="Poradna pro rodiče dětí s výchovnými a studijními problémy - Poradna pro osobní a rodinné vztahy | Radomír a Petra Noskovi | Hradec Králové" />
<meta property="og:description" content="Pracuji 20 let s dětmi, které mají výchovné problémy a potíže s učením. Sám jsem měl poruchu učení, dyslexii a dysortografii. Ve škole jsem prošel šikanou a nepochopením od učitelů! Proto mám velké pochopení pro děti, kterým to nejde snadno a hladce a prostředí, ve kterém jsou, je stresuje a snižuje jim sebevědomí. Chápu také... View Article" />
<meta property="og:url" content="http://www.eeg-biofeedback-hradec.cz/poradna/poradna-pro-rodice-deti-s-vychovnymi-a-studijnimi-problemy/" />
<meta property="og:site_name" content="Poradna pro osobní a rodinné vztahy | Radomír a Petra Noskovi | Hradec Králové" />
<meta property="article:modified_time" content="2017-02-17T17:19:03+00:00" />
<meta name="twitter:card" content="summary_large_image" />
<meta name="twitter:label1" content="Odhadovaná doba čtení" />
	<meta name="twitter:data1" content="1 minuta" />
<script type="application/ld+json" class="yoast-schema-graph">{"@context":"https://schema.org","@graph":[{"@type":"WebSite","@id":"https://www.eeg-biofeedback-hradec.cz/poradna/#website","url":"https://www.eeg-biofeedback-hradec.cz/poradna/","name":"Poradna pro osobn\u00ed a rodinn\u00e9 vztahy | Radom\u00edr a Petra Noskovi | Hradec Kr\u00e1lov\u00e9","description":"","potentialAction":[{"@type":"SearchAction","target":{"@type":"EntryPoint","urlTemplate":"https://www.eeg-biofeedback-hradec.cz/poradna/?s={search_term_string}"},"query-input":"required name=search_term_string"}],"inLanguage":"cs"},{"@type":"WebPage","@id":"http://www.eeg-biofeedback-hradec.cz/poradna/poradna-pro-rodice-deti-s-vychovnymi-a-studijnimi-problemy/#webpage","url":"http://www.eeg-biofeedback-hradec.cz/poradna/poradna-pro-rodice-deti-s-vychovnymi-a-studijnimi-problemy/","name":"Poradna pro rodi\u010de d\u011bt\u00ed s v\u00fdchovn\u00fdmi a studijn\u00edmi probl\u00e9my - Poradna pro osobn\u00ed a rodinn\u00e9 vztahy | Radom\u00edr a Petra Noskovi | Hradec Kr\u00e1lov\u00e9","isPartOf":{"@id":"https://www.eeg-biofeedback-hradec.cz/poradna/#website"},"datePublished":"2017-02-17T17:18:57+00:00","dateModified":"2017-02-17T17:19:03+00:00","breadcrumb":{"@id":"http://www.eeg-biofeedback-hradec.cz/poradna/poradna-pro-rodice-deti-s-vychovnymi-a-studijnimi-problemy/#breadcrumb"},"inLanguage":"cs","potentialAction":[{"@type":"ReadAction","target":["http://www.eeg-biofeedback-hradec.cz/poradna/poradna-pro-rodice-deti-s-vychovnymi-a-studijnimi-problemy/"]}]},{"@type":"BreadcrumbList","@id":"http://www.eeg-biofeedback-hradec.cz/poradna/poradna-pro-rodice-deti-s-vychovnymi-a-studijnimi-problemy/#breadcrumb","itemListElement":[{"@type":"ListItem","position":1,"name":"Dom\u016f","item":"https://www.eeg-biofeedback-hradec.cz/poradna/"},{"@type":"ListItem","position":2,"name":"Poradna pro rodi\u010de d\u011bt\u00ed s v\u00fdchovn\u00fdmi a studijn\u00edmi probl\u00e9my"}]}]}</script>
<!-- / Yoast SEO plugin. -->

Poradna pro rodiče dětí s výchovnými a studijními problémy - Poradna pro osobní a rodinné vztahy | Radomír a Petra Noskovi | Hradec Králové

Pracuji 20 let s dětmi, které mají výchovné problémy a potíže s učením. Sám jsem měl poruchu učení, dyslexii a dysortografii. Ve škole jsem prošel šikanou a nepochopením od učitelů! Proto mám velké pochopení pro děti, kterým to nejde snadno a hladce a prostředí, ve kterém jsou, je stresuje a snižuje jim sebevědomí. Chápu také... View Article

Poradna pro osobní a rodinné vztahy | Radomír a Petra Noskovi | Hradec Králové

Domů
