{"id":31,"date":"2017-02-17T18:20:59","date_gmt":"2017-02-17T17:20:59","guid":{"rendered":"http:\/\/www.eeg-biofeedback-hradec.cz\/poradna\/?page_id=31"},"modified":"2017-04-07T13:04:49","modified_gmt":"2017-04-07T12:04:49","slug":"pohovor-s-ditetem","status":"publish","type":"page","link":"https:\/\/www.eeg-biofeedback-hradec.cz\/poradna\/pohovor-s-ditetem\/","title":{"rendered":"Pohovor s d\u00edt\u011btem"},"content":{"rendered":"<p>P\u0159i rozhovoru s d\u00edt\u011btem pou\u017e\u00edv\u00e1m nenucenou formu spole\u010dn\u00e9ho malov\u00e1n\u00ed a pov\u00edd\u00e1n\u00ed, bez tlaku na d\u00edt\u011b.<\/p>\n<p>D\u00edt\u011b nen\u00ed u ,,v\u00fdslechu\u201c, ale jde mi o zv\u00fd\u0161en\u00ed jeho sebed\u016fv\u011bry a otev\u0159enosti, kter\u00e1 by m\u011bla pokra\u010dovat s rodi\u010di doma.<\/p>\n<p>V chr\u00e1n\u011bn\u00e9m prost\u0159ed\u00ed m\u016f\u017ee vyl\u00edt v\u0161echny sv\u00e9 emoce, nap\u0159\u00edklad hn\u011bv na spolu\u017e\u00e1ky a u\u010ditele, strachy a obavy z nov\u00fdch p\u0159ek\u00e1\u017eek ve \u0161kole, ze zkou\u0161en\u00ed a soud\u016f. Otev\u0159\u00edt se radosti z budoucnosti, kter\u00e1 jej \u010dek\u00e1&#8230; C\u00edlem je zbavit d\u00edt\u011b blok\u016f, kter\u00e9 omezuj\u00ed jeho svobodn\u00fd projev a radost ze \u017eivota.<\/p>\n<p style=\"text-align: center;\"><strong>Nen\u00ed nic kr\u00e1sn\u011bj\u0161\u00edho, ne\u017e vid\u011bt rozz\u00e1\u0159en\u00e9 d\u00edt\u011b, kter\u00e9 m\u00e1 znovu plnou d\u016fv\u011bru v rodi\u010de i sebe sam\u00e9, nov\u00fd pocit bezpe\u010d\u00ed a chu\u0165 pozn\u00e1vat to nov\u00e9, nezn\u00e1m\u00e9&#8230;<\/strong><\/p>\n","protected":false},"excerpt":{"rendered":"P\u0159i rozhovoru s d\u00edt\u011btem pou\u017e\u00edv\u00e1m nenucenou formu spole\u010dn\u00e9ho malov\u00e1n\u00ed a pov\u00edd\u00e1n\u00ed, bez tlaku na d\u00edt\u011b. D\u00edt\u011b nen\u00ed u ,,v\u00fdslechu\u201c, ale jde mi o zv\u00fd\u0161en\u00ed jeho sebed\u016fv\u011bry a otev\u0159enosti, kter\u00e1 by m\u011bla pokra\u010dovat s rodi\u010di doma. V chr\u00e1n\u011bn\u00e9m prost\u0159ed\u00ed m\u016f\u017ee vyl\u00edt v\u0161echny sv\u00e9 emoce, nap\u0159\u00edklad hn\u011bv na spolu\u017e\u00e1ky a u\u010ditele, strachy a obavy z nov\u00fdch p\u0159ek\u00e1\u017eek&#8230; <a class=\"view-article\" href=\"https:\/\/www.eeg-biofeedback-hradec.cz\/poradna\/pohovor-s-ditetem\/\">View Article<\/a>","protected":false},"author":1,"featured_media":0,"parent":0,"menu_order":0,"comment_status":"closed","ping_status":"closed","template":"","meta":[],"acf":[],"yoast_head":"<!-- This site is optimized with the Yoast SEO plugin v17.7.1 - https:\/\/yoast.com\/wordpress\/plugins\/seo\/ -->\n<meta name=\"robots\" content=\"index, follow, max-snippet:-1, max-image-preview:large, max-video-preview:-1\" \/>\n<link rel=\"canonical\" href=\"https:\/\/www.eeg-biofeedback-hradec.cz\/poradna\/pohovor-s-ditetem\/\" \/>\n<meta property=\"og:locale\" content=\"cs_CZ\" \/>\n<meta property=\"og:type\" content=\"article\" \/>\n<meta property=\"og:title\" content=\"Pohovor s d\u00edt\u011btem - Poradna pro osobn\u00ed a rodinn\u00e9 vztahy | Radom\u00edr a Petra Noskovi | Hradec Kr\u00e1lov\u00e9\" \/>\n<meta property=\"og:description\" content=\"P\u0159i rozhovoru s d\u00edt\u011btem pou\u017e\u00edv\u00e1m nenucenou formu spole\u010dn\u00e9ho malov\u00e1n\u00ed a pov\u00edd\u00e1n\u00ed, bez tlaku na d\u00edt\u011b. D\u00edt\u011b nen\u00ed u ,,v\u00fdslechu\u201c, ale jde mi o zv\u00fd\u0161en\u00ed jeho sebed\u016fv\u011bry a otev\u0159enosti, kter\u00e1 by m\u011bla pokra\u010dovat s rodi\u010di doma. V chr\u00e1n\u011bn\u00e9m prost\u0159ed\u00ed m\u016f\u017ee vyl\u00edt v\u0161echny sv\u00e9 emoce, nap\u0159\u00edklad hn\u011bv na spolu\u017e\u00e1ky a u\u010ditele, strachy a obavy z nov\u00fdch p\u0159ek\u00e1\u017eek... View Article\" \/>\n<meta property=\"og:url\" content=\"https:\/\/www.eeg-biofeedback-hradec.cz\/poradna\/pohovor-s-ditetem\/\" \/>\n<meta property=\"og:site_name\" content=\"Poradna pro osobn\u00ed a rodinn\u00e9 vztahy | Radom\u00edr a Petra Noskovi | Hradec Kr\u00e1lov\u00e9\" \/>\n<meta property=\"article:modified_time\" content=\"2017-04-07T12:04:49+00:00\" \/>\n<meta name=\"twitter:card\" content=\"summary_large_image\" \/>\n<meta name=\"twitter:label1\" content=\"Odhadovan\u00e1 doba \u010dten\u00ed\" \/>\n\t<meta name=\"twitter:data1\" content=\"1 minuta\" \/>\n<script type=\"application\/ld+json\" class=\"yoast-schema-graph\">{\"@context\":\"https:\/\/schema.org\",\"@graph\":[{\"@type\":\"WebSite\",\"@id\":\"https:\/\/www.eeg-biofeedback-hradec.cz\/poradna\/#website\",\"url\":\"https:\/\/www.eeg-biofeedback-hradec.cz\/poradna\/\",\"name\":\"Poradna pro osobn\\u00ed a rodinn\\u00e9 vztahy | Radom\\u00edr a Petra Noskovi | Hradec Kr\\u00e1lov\\u00e9\",\"description\":\"\",\"potentialAction\":[{\"@type\":\"SearchAction\",\"target\":{\"@type\":\"EntryPoint\",\"urlTemplate\":\"https:\/\/www.eeg-biofeedback-hradec.cz\/poradna\/?s={search_term_string}\"},\"query-input\":\"required name=search_term_string\"}],\"inLanguage\":\"cs\"},{\"@type\":\"WebPage\",\"@id\":\"https:\/\/www.eeg-biofeedback-hradec.cz\/poradna\/pohovor-s-ditetem\/#webpage\",\"url\":\"https:\/\/www.eeg-biofeedback-hradec.cz\/poradna\/pohovor-s-ditetem\/\",\"name\":\"Pohovor s d\\u00edt\\u011btem - Poradna pro osobn\\u00ed a rodinn\\u00e9 vztahy | Radom\\u00edr a Petra Noskovi | Hradec Kr\\u00e1lov\\u00e9\",\"isPartOf\":{\"@id\":\"https:\/\/www.eeg-biofeedback-hradec.cz\/poradna\/#website\"},\"datePublished\":\"2017-02-17T17:20:59+00:00\",\"dateModified\":\"2017-04-07T12:04:49+00:00\",\"breadcrumb\":{\"@id\":\"https:\/\/www.eeg-biofeedback-hradec.cz\/poradna\/pohovor-s-ditetem\/#breadcrumb\"},\"inLanguage\":\"cs\",\"potentialAction\":[{\"@type\":\"ReadAction\",\"target\":[\"https:\/\/www.eeg-biofeedback-hradec.cz\/poradna\/pohovor-s-ditetem\/\"]}]},{\"@type\":\"BreadcrumbList\",\"@id\":\"https:\/\/www.eeg-biofeedback-hradec.cz\/poradna\/pohovor-s-ditetem\/#breadcrumb\",\"itemListElement\":[{\"@type\":\"ListItem\",\"position\":1,\"name\":\"Dom\\u016f\",\"item\":\"https:\/\/www.eeg-biofeedback-hradec.cz\/poradna\/\"},{\"@type\":\"ListItem\",\"position\":2,\"name\":\"Pohovor s d\\u00edt\\u011btem\"}]}]}<\/script>\n<!-- \/ Yoast SEO plugin. -->","yoast_head_json":{"robots":{"index":"index","follow":"follow","max-snippet":"max-snippet:-1","max-image-preview":"max-image-preview:large","max-video-preview":"max-video-preview:-1"},"canonical":"https:\/\/www.eeg-biofeedback-hradec.cz\/poradna\/pohovor-s-ditetem\/","og_locale":"cs_CZ","og_type":"article","og_title":"Pohovor s d\u00edt\u011btem - Poradna pro osobn\u00ed a rodinn\u00e9 vztahy | Radom\u00edr a Petra Noskovi | Hradec Kr\u00e1lov\u00e9","og_description":"P\u0159i rozhovoru s d\u00edt\u011btem pou\u017e\u00edv\u00e1m nenucenou formu spole\u010dn\u00e9ho malov\u00e1n\u00ed a pov\u00edd\u00e1n\u00ed, bez tlaku na d\u00edt\u011b. D\u00edt\u011b nen\u00ed u ,,v\u00fdslechu\u201c, ale jde mi o zv\u00fd\u0161en\u00ed jeho sebed\u016fv\u011bry a otev\u0159enosti, kter\u00e1 by m\u011bla pokra\u010dovat s rodi\u010di doma. V chr\u00e1n\u011bn\u00e9m prost\u0159ed\u00ed m\u016f\u017ee vyl\u00edt v\u0161echny sv\u00e9 emoce, nap\u0159\u00edklad hn\u011bv na spolu\u017e\u00e1ky a u\u010ditele, strachy a obavy z nov\u00fdch p\u0159ek\u00e1\u017eek... View Article","og_url":"https:\/\/www.eeg-biofeedback-hradec.cz\/poradna\/pohovor-s-ditetem\/","og_site_name":"Poradna pro osobn\u00ed a rodinn\u00e9 vztahy | Radom\u00edr a Petra Noskovi | Hradec Kr\u00e1lov\u00e9","article_modified_time":"2017-04-07T12:04:49+00:00","twitter_card":"summary_large_image","twitter_misc":{"Odhadovan\u00e1 doba \u010dten\u00ed":"1 minuta"},"schema":{"@context":"https:\/\/schema.org","@graph":[{"@type":"WebSite","@id":"https:\/\/www.eeg-biofeedback-hradec.cz\/poradna\/#website","url":"https:\/\/www.eeg-biofeedback-hradec.cz\/poradna\/","name":"Poradna pro osobn\u00ed a rodinn\u00e9 vztahy | Radom\u00edr a Petra Noskovi | Hradec Kr\u00e1lov\u00e9","description":"","potentialAction":[{"@type":"SearchAction","target":{"@type":"EntryPoint","urlTemplate":"https:\/\/www.eeg-biofeedback-hradec.cz\/poradna\/?s={search_term_string}"},"query-input":"required name=search_term_string"}],"inLanguage":"cs"},{"@type":"WebPage","@id":"https:\/\/www.eeg-biofeedback-hradec.cz\/poradna\/pohovor-s-ditetem\/#webpage","url":"https:\/\/www.eeg-biofeedback-hradec.cz\/poradna\/pohovor-s-ditetem\/","name":"Pohovor s d\u00edt\u011btem - Poradna pro osobn\u00ed a rodinn\u00e9 vztahy | Radom\u00edr a Petra Noskovi | Hradec Kr\u00e1lov\u00e9","isPartOf":{"@id":"https:\/\/www.eeg-biofeedback-hradec.cz\/poradna\/#website"},"datePublished":"2017-02-17T17:20:59+00:00","dateModified":"2017-04-07T12:04:49+00:00","breadcrumb":{"@id":"https:\/\/www.eeg-biofeedback-hradec.cz\/poradna\/pohovor-s-ditetem\/#breadcrumb"},"inLanguage":"cs","potentialAction":[{"@type":"ReadAction","target":["https:\/\/www.eeg-biofeedback-hradec.cz\/poradna\/pohovor-s-ditetem\/"]}]},{"@type":"BreadcrumbList","@id":"https:\/\/www.eeg-biofeedback-hradec.cz\/poradna\/pohovor-s-ditetem\/#breadcrumb","itemListElement":[{"@type":"ListItem","position":1,"name":"Dom\u016f","item":"https:\/\/www.eeg-biofeedback-hradec.cz\/poradna\/"},{"@type":"ListItem","position":2,"name":"Pohovor s d\u00edt\u011btem"}]}]}},"_links":{"self":[{"href":"https:\/\/www.eeg-biofeedback-hradec.cz\/poradna\/wp-json\/wp\/v2\/pages\/31"}],"collection":[{"href":"https:\/\/www.eeg-biofeedback-hradec.cz\/poradna\/wp-json\/wp\/v2\/pages"}],"about":[{"href":"https:\/\/www.eeg-biofeedback-hradec.cz\/poradna\/wp-json\/wp\/v2\/types\/page"}],"author":[{"embeddable":true,"href":"https:\/\/www.eeg-biofeedback-hradec.cz\/poradna\/wp-json\/wp\/v2\/users\/1"}],"replies":[{"embeddable":true,"href":"https:\/\/www.eeg-biofeedback-hradec.cz\/poradna\/wp-json\/wp\/v2\/comments?post=31"}],"version-history":[{"count":2,"href":"https:\/\/www.eeg-biofeedback-hradec.cz\/poradna\/wp-json\/wp\/v2\/pages\/31\/revisions"}],"predecessor-version":[{"id":105,"href":"https:\/\/www.eeg-biofeedback-hradec.cz\/poradna\/wp-json\/wp\/v2\/pages\/31\/revisions\/105"}],"wp:attachment":[{"href":"https:\/\/www.eeg-biofeedback-hradec.cz\/poradna\/wp-json\/wp\/v2\/media?parent=31"}],"curies":[{"name":"wp","href":"https:\/\/api.w.org\/{rel}","templated":true}]}}

Pohovor s dítětem

<p>Při rozhovoru s dítětem používám nenucenou formu společného malování a povídání, bez tlaku na dítě.</p>
<p>Dítě není u ,,výslechu“, ale jde mi o zvýšení jeho sebedůvěry a otevřenosti, která by měla pokračovat s rodiči doma.</p>
<p>V chráněném prostředí může vylít všechny své emoce, například hněv na spolužáky a učitele, strachy a obavy z nových překážek ve škole, ze zkoušení a soudů. Otevřít se radosti z budoucnosti, která jej čeká&#8230; Cílem je zbavit dítě bloků, které omezují jeho svobodný projev a radost ze života.</p>
<p style="text-align: center;"><strong>Není nic krásnějšího, než vidět rozzářené dítě, které má znovu plnou důvěru v rodiče i sebe samé, nový pocit bezpečí a chuť poznávat to nové, neznámé&#8230;</strong></p>

Při rozhovoru s dítětem používám nenucenou formu společného malování a povídání, bez tlaku na dítě. Dítě není u ,,výslechu“, ale jde mi o zvýšení jeho sebedůvěry a otevřenosti, která by měla pokračovat s rodiči doma. V chráněném prostředí může vylít všechny své emoce, například hněv na spolužáky a učitele, strachy a obavy z nových překážek&#8230; <a class="view-article" href="https://www.eeg-biofeedback-hradec.cz/poradna/pohovor-s-ditetem/">View Article</a>

<!-- This site is optimized with the Yoast SEO plugin v17.7.1 - https://yoast.com/wordpress/plugins/seo/ -->
<meta name="robots" content="index, follow, max-snippet:-1, max-image-preview:large, max-video-preview:-1" />
<link rel="canonical" href="https://www.eeg-biofeedback-hradec.cz/poradna/pohovor-s-ditetem/" />
<meta property="og:locale" content="cs_CZ" />
<meta property="og:type" content="article" />
<meta property="og:title" content="Pohovor s dítětem - Poradna pro osobní a rodinné vztahy | Radomír a Petra Noskovi | Hradec Králové" />
<meta property="og:description" content="Při rozhovoru s dítětem používám nenucenou formu společného malování a povídání, bez tlaku na dítě. Dítě není u ,,výslechu“, ale jde mi o zvýšení jeho sebedůvěry a otevřenosti, která by měla pokračovat s rodiči doma. V chráněném prostředí může vylít všechny své emoce, například hněv na spolužáky a učitele, strachy a obavy z nových překážek... View Article" />
<meta property="og:url" content="https://www.eeg-biofeedback-hradec.cz/poradna/pohovor-s-ditetem/" />
<meta property="og:site_name" content="Poradna pro osobní a rodinné vztahy | Radomír a Petra Noskovi | Hradec Králové" />
<meta property="article:modified_time" content="2017-04-07T12:04:49+00:00" />
<meta name="twitter:card" content="summary_large_image" />
<meta name="twitter:label1" content="Odhadovaná doba čtení" />
	<meta name="twitter:data1" content="1 minuta" />
<script type="application/ld+json" class="yoast-schema-graph">{"@context":"https://schema.org","@graph":[{"@type":"WebSite","@id":"https://www.eeg-biofeedback-hradec.cz/poradna/#website","url":"https://www.eeg-biofeedback-hradec.cz/poradna/","name":"Poradna pro osobn\u00ed a rodinn\u00e9 vztahy | Radom\u00edr a Petra Noskovi | Hradec Kr\u00e1lov\u00e9","description":"","potentialAction":[{"@type":"SearchAction","target":{"@type":"EntryPoint","urlTemplate":"https://www.eeg-biofeedback-hradec.cz/poradna/?s={search_term_string}"},"query-input":"required name=search_term_string"}],"inLanguage":"cs"},{"@type":"WebPage","@id":"https://www.eeg-biofeedback-hradec.cz/poradna/pohovor-s-ditetem/#webpage","url":"https://www.eeg-biofeedback-hradec.cz/poradna/pohovor-s-ditetem/","name":"Pohovor s d\u00edt\u011btem - Poradna pro osobn\u00ed a rodinn\u00e9 vztahy | Radom\u00edr a Petra Noskovi | Hradec Kr\u00e1lov\u00e9","isPartOf":{"@id":"https://www.eeg-biofeedback-hradec.cz/poradna/#website"},"datePublished":"2017-02-17T17:20:59+00:00","dateModified":"2017-04-07T12:04:49+00:00","breadcrumb":{"@id":"https://www.eeg-biofeedback-hradec.cz/poradna/pohovor-s-ditetem/#breadcrumb"},"inLanguage":"cs","potentialAction":[{"@type":"ReadAction","target":["https://www.eeg-biofeedback-hradec.cz/poradna/pohovor-s-ditetem/"]}]},{"@type":"BreadcrumbList","@id":"https://www.eeg-biofeedback-hradec.cz/poradna/pohovor-s-ditetem/#breadcrumb","itemListElement":[{"@type":"ListItem","position":1,"name":"Dom\u016f","item":"https://www.eeg-biofeedback-hradec.cz/poradna/"},{"@type":"ListItem","position":2,"name":"Pohovor s d\u00edt\u011btem"}]}]}</script>
<!-- / Yoast SEO plugin. -->

Pohovor s dítětem - Poradna pro osobní a rodinné vztahy | Radomír a Petra Noskovi | Hradec Králové

Při rozhovoru s dítětem používám nenucenou formu společného malování a povídání, bez tlaku na dítě. Dítě není u ,,výslechu“, ale jde mi o zvýšení jeho sebedůvěry a otevřenosti, která by měla pokračovat s rodiči doma. V chráněném prostředí může vylít všechny své emoce, například hněv na spolužáky a učitele, strachy a obavy z nových překážek... View Article

Poradna pro osobní a rodinné vztahy | Radomír a Petra Noskovi | Hradec Králové

Domů
