{"id":34,"date":"2017-02-17T18:24:23","date_gmt":"2017-02-17T17:24:23","guid":{"rendered":"http:\/\/www.eeg-biofeedback-hradec.cz\/poradna\/?page_id=34"},"modified":"2017-02-17T18:24:23","modified_gmt":"2017-02-17T17:24:23","slug":"terapie-pevneho-objeti","status":"publish","type":"page","link":"https:\/\/www.eeg-biofeedback-hradec.cz\/poradna\/terapie-pevneho-objeti\/","title":{"rendered":"Terapie pevn\u00e9ho objet\u00ed"},"content":{"rendered":"<p>Pevn\u00e9 objet\u00ed je terapeutick\u00e1 metoda od sv\u011btozn\u00e1m\u00e9 d\u011btsk\u00e9 psycholo\u017eky PhDr. Ji\u0159iny Prekopov\u00e9 p\u016fsob\u00edc\u00ed v N\u011bmecku. Sv\u00e1 centra m\u00e1 i u n\u00e1s (Brno), v Polsku, \u0160pan\u011blsku, Mexiku, a dal\u0161\u00edch zem\u00edch. P\u0159edn\u00e1\u0161\u00ed po cel\u00e9m sv\u011bt\u011b.<\/p>\n<h2>Co je to vlastn\u011b pevn\u00e9 objet\u00ed?<\/h2>\n<p>Je to \u0161ance pro dva osudov\u011b \u00fazce spjat\u00e9 lidi vyj\u00e1d\u0159it bolestiv\u00fd, slovn\u011b nezvl\u00e1dnuteln\u00fd vztahov\u00fd konflikt, urovnat ho a usm\u00ed\u0159it se, p\u0159i\u010dem\u017e se oba dva pevn\u011b dr\u017e\u00ed.<\/p>\n<h2>Co to znamen\u00e1 \u201eosudov\u011b spjat\u00ed lid\u00e9\u201c?<\/h2>\n<p>Rodi\u010de a d\u011bti v jak\u00e9mkoli v\u011bku, man\u017eel\u00e9, dlouhodob\u00ed partne\u0159i, sourozenci.<\/p>\n<h2>A co u\u010ditel\u00e9?<\/h2>\n<p>Ti ne, pouze pokud se \u017e\u00e1k nach\u00e1z\u00ed v siln\u00e9 emocion\u00e1ln\u00ed krize, kter\u00e1 se ned\u00e1 zvl\u00e1dnout. Potom u\u010ditel jedn\u00e1 jako z\u00e1stupce rodi\u010d\u016f.<br \/>\nExistuje forma pedagogick\u00e9ho pevn\u00e9ho objet\u00ed, kter\u00e9 nen\u00ed stejn\u00e9. Nejedn\u00e1 se o objet\u00ed tv\u00e1\u0159\u00ed v tv\u00e1\u0159 s jeho typickou intimitou mezi matkou a d\u00edt\u011btem. Zde pedagog p\u0159idr\u017e\u00ed d\u00edt\u011b, kter\u00e9 je v krizi a nezvl\u00e1d\u00e1 sv\u016fj hn\u011bv a agresi a mohlo by ubl\u00ed\u017eit druh\u00e9mu nebo sob\u011b. Dr\u017e\u00ed ho na kl\u00edn\u011b nebo u v\u011bt\u0161\u00edho d\u00edt\u011bte zezadu na \u017eidli, aby mohlo \u00fastn\u011b vyj\u00e1d\u0159it svoje emoce, ale nedovol\u00ed, aby kousalo a bilo p\u011bst\u00ed druh\u00e9ho, nebo sebe.<\/p>\n<h2>Mus\u00ed b\u00fdt pevn\u00e9 objet\u00ed tak pevn\u00e9?<\/h2>\n<p>Objet\u00ed v n\u00e1ru\u010d\u00ed je pevn\u00e9, p\u0159esto m\u011bkk\u00e9 a vci\u0165uj\u00edc\u00ed se. \u010c\u00edm hlub\u0161\u00ed je bolest, t\u00edm v\u00edce vy\u017eaduje \u010dlov\u011bk pevnosti, \u017e\u00e1d\u00e1 v\u00edce jistoty v objet\u00ed.<\/p>\n<h2>Co se d\u011bje p\u0159i pevn\u00e9m objet\u00ed?<\/h2>\n<p>Oba z\u00fa\u010dastn\u011bn\u00ed maj\u00ed pr\u00e1vo zcela otev\u0159en\u011b a bez obav, av\u0161ak kultivovan\u011b, sv\u00e9 zran\u011bn\u00e9 pocity vyk\u0159i\u010det a vyplakat. Poka\u017ed\u00e9 je to emocion\u00e1ln\u00ed konfrontace tv\u00e1\u0159\u00ed v tv\u00e1\u0159, od \u017elu\u010dn\u00edku k \u017elu\u010dn\u00edku, od srdce k srdci. Ve\u0161ker\u00fd jed mus\u00ed z b\u0159icha a v\u0161echny slzy ze srdce, dokud l\u00e1ska znovu neproud\u00ed.<\/p>\n<h2>Co znamen\u00e1 \u201ekultivovan\u011b\u201c?<\/h2>\n<p>Nejde o t\u011blesn\u00fd souboj \u2013 r\u00e1ny, kous\u00e1n\u00ed, kop\u00e1n\u00ed, du\u0161en\u00ed, nad\u00e1vky jsou zak\u00e1zany. Pevn\u00e9 objet\u00ed funguje jako z\u00e1vazek, \u017ee se oba dva budeme tak dlouho dr\u017eet, dokud bolest nebude vyj\u00e1d\u0159ena tak, abychom se jeden do druh\u00e9ho byli schopni vc\u00edtit, abychom si mohli porozum\u011bt a obnovit l\u00e1sku.<\/p>\n<h2>St\u00e1le je sly\u0161et obava, jestli p\u0159i pevn\u00e9m objet\u00ed nel\u00e1meme d\u00edt\u011bti jeho v\u016fli?<\/h2>\n<p>Ot\u00e1zka svobodn\u00e9 v\u016fle a jej\u00ed respektov\u00e1n\u00ed jsou na\u0161e nejd\u016fle\u017eit\u011bj\u0161\u00ed etick\u00e1 t\u00e9mata. Kdyby byla p\u0159i pevn\u00e9m objet\u00ed v\u016fle zlomena, bylo by to neodpustiteln\u00e9 provin\u011bn\u00ed proti lidsk\u00e9 d\u016fstojnosti. Aby se tomu zabr\u00e1nilo, \u0159\u00edd\u00ed se pevn\u00e9 objet\u00ed ur\u010dit\u00fdmi krit\u00e9rii. Je ot\u00e1zkou co pod pojmem v\u016fle rozum\u00edme a na jak\u00e9m v\u00fdvojov\u00e9m stupni se v\u016fle nach\u00e1z\u00ed. Svobodnou v\u016fli \u010dlov\u011bk pou\u017e\u00edv\u00e1 teprve tehdy, kdy\u017e m\u016f\u017ee volit mezi r\u016fzn\u00fdmi alternativami, na z\u00e1klad\u011b sv\u00fdch du\u0161evn\u00edch schopnost\u00ed m\u016f\u017ee vid\u011bt dobr\u00e9 nebo \u0161patn\u00e9 d\u016fsledky sv\u00e9ho rozhodnut\u00ed u\u010din\u011bn\u00e9ho svobodnou v\u016fl\u00ed. Tak daleko mal\u00e9 d\u00edt\u011b je\u0161t\u011b nen\u00ed. Je\u0161t\u011b nem\u016f\u017ee rozhodovat, jestli chce b\u00fdt chr\u00e1n\u011bno nebo ne.<\/p>\n<h2>Jak prakticky pozn\u00e1m, \u017ee byl proces pevn\u00e9ho objet\u00ed ukon\u010den?<\/h2>\n<p>To nastane tehdy, kdy\u017e maj\u00ed oba dva jas, t\u0159pyt v o\u010d\u00edch a r\u00e1di v klidu spo\u010dinou ve spole\u010dn\u00e9m objet\u00ed.<\/p>\n<h2>K\u00fdm byl tento zp\u016fsob zvl\u00e1d\u00e1n\u00ed konflikt\u016f objeven?<\/h2>\n<p>Nik\u00fdm.Tento zp\u016fsob se vyvinul b\u011bhem evoluce. Poka\u017ed\u00e9 znovu \u017easnu nad moudrost\u00ed z\u00e1kon\u016f stvo\u0159en\u00ed, podle kter\u00fdch se \u010dlov\u011bk tu nejvy\u0161\u0161\u00ed formu l\u00e1sky, toti\u017e l\u00e1sku k nep\u0159\u00edteli, prakticky u\u010d\u00ed. Tuto bezpodm\u00edne\u010dnou l\u00e1sku se d\u00edt\u011b u\u010d\u00ed v prvn\u00edch dvou a\u017e t\u0159ech letech \u017eivota, kdy\u017e je v t\u011ble matky a pot\u00e9 no\u0161eno v \u0161\u00e1tku. V teple hn\u00edzda d\u00edt\u011b vn\u00edm\u00e1 tuto vzniklou vazbu a dialog s matkou a postupn\u011b tak\u00e9 s ostatn\u00edmi vztahov\u00fdmi osobami. U\u010d\u00ed se vyj\u00e1d\u0159it hn\u011bv beze strachu, \u017ee bude potrest\u00e1no. U Indi\u00e1n\u016f nebude d\u00edt\u011b za trest posl\u00e1no pry\u010d do pralesa, kdy\u017e v \u0161\u00e1tku zlob\u00ed svou matku. Dostane samoz\u0159ejm\u011b zp\u011btnou vazbu, ale bude d\u00e1le no\u0161eno a sn\u00e1\u0161eno takov\u00e9, jak\u00e9 je.<\/p>\n<h2>Pro mnoh\u00e9 je to absurdn\u00ed p\u0159edstava, dr\u017eet n\u011bkoho v n\u00e1ru\u010d\u00ed, nebo se nechat dr\u017eet, kdy\u017e proti t\u011bmto lidem c\u00edt\u00edm zlost. Je to norm\u00e1ln\u00ed?<\/h2>\n<p>Tyto n\u00e1zory jsou docela norm\u00e1ln\u00ed, biologicky podlo\u017een\u00e9. Sklon k \u00fatoku, ale p\u0159edev\u0161\u00edm k \u00fat\u011bku p\u0159i konfliktu, je primitivn\u00ed instinkt, kter\u00fd je vrozen\u00fd v\u0161em \u017eiv\u00fdm tvor\u016fm. Tento instinkt m\u00e1me my lid\u00e9 spole\u010dn\u00fd se zv\u00ed\u0159aty. Dokud mozek d\u00edt\u011bte nen\u00ed zral\u00fd na to, aby dok\u00e1zalo prosadit svou v\u016fli, je d\u00edt\u011b neust\u00e1lou t\u011blesnou p\u0159\u00edtomnost\u00ed vztahov\u00fdch lid\u00ed chr\u00e1n\u011bno p\u0159ed osvojen\u00edm si bezcitn\u00e9ho chov\u00e1n\u00ed. V \u0161\u00e1tku je jak primitivn\u00ed \u00fatok \u010di \u00fat\u011bk nemo\u017en\u00fd. Naprost\u00e1 v\u00fdchova srdce!<\/p>\n<h2>Jak prob\u00edh\u00e1 pevn\u00e9 objet\u00ed?<\/h2>\n<p>Za\u010d\u00edn\u00e1me od ko\u0159en\u016f. T\u00edm, \u017ee mohl \u010dlov\u011bk dosp\u011bt, m\u011bl by svoje rodi\u010de ct\u00edt a pokud mo\u017eno tak\u00e9 milovat. Tak\u017ee pozveme babi\u010dku anebo d\u011bde\u010dka, aby na matraci kone\u010dn\u011b svou dlouholetou bolest projevili a od\u017eili. Nez\u0159\u00eddka poch\u00e1z\u00ed bolest z nepoveden\u00e9ho porodu. V t\u011bchto p\u0159\u00edpadech slou\u017e\u00ed pevn\u00e9 objet\u00ed jako rehabilitace z\u00e1\u017eitk\u016f z porodu. Zajist\u00e9, existuj\u00ed tak\u00e9 jin\u00e1 traumata, nap\u0159\u00edklad t\u00fdr\u00e1n\u00ed, zneu\u017e\u00edv\u00e1n\u00ed, opu\u0161t\u011bn\u00ed. Stejn\u011b tak systemick\u00e9 propletence, kter\u00e9 \u010dlov\u011bku nedovol\u00ed postavit se dosp\u011bl\u00e9mu \u017eivotu. Pro p\u0159\u00edpad, kdy rodi\u010de nejsou dosa\u017eiteln\u00ed, jsme vyvinuli terapii s vizualizac\u00ed v n\u00e1ru\u010d\u00ed doprov\u00e1zej\u00edc\u00edho p\u0159\u00edtele. Tato usmi\u0159ovac\u00ed terapie je vedle partnersk\u00e9 terapie na\u0161\u00ed nej\u010dast\u011bj\u0161\u00ed intervenc\u00ed. Teprve potom jsou rodi\u010de dob\u0159e p\u0159ipraveni podr\u017eet sv\u00e9 vlastn\u00ed d\u011bti.<\/p>\n","protected":false},"excerpt":{"rendered":"Pevn\u00e9 objet\u00ed je terapeutick\u00e1 metoda od sv\u011btozn\u00e1m\u00e9 d\u011btsk\u00e9 psycholo\u017eky PhDr. Ji\u0159iny Prekopov\u00e9 p\u016fsob\u00edc\u00ed v N\u011bmecku. Sv\u00e1 centra m\u00e1 i u n\u00e1s (Brno), v Polsku, \u0160pan\u011blsku, Mexiku, a dal\u0161\u00edch zem\u00edch. P\u0159edn\u00e1\u0161\u00ed po cel\u00e9m sv\u011bt\u011b. Co je to vlastn\u011b pevn\u00e9 objet\u00ed? Je to \u0161ance pro dva osudov\u011b \u00fazce spjat\u00e9 lidi vyj\u00e1d\u0159it bolestiv\u00fd, slovn\u011b nezvl\u00e1dnuteln\u00fd vztahov\u00fd konflikt, urovnat&#8230; <a class=\"view-article\" href=\"https:\/\/www.eeg-biofeedback-hradec.cz\/poradna\/terapie-pevneho-objeti\/\">View Article<\/a>","protected":false},"author":1,"featured_media":0,"parent":0,"menu_order":0,"comment_status":"closed","ping_status":"closed","template":"","meta":[],"acf":[],"yoast_head":"<!-- This site is optimized with the Yoast SEO plugin v17.7.1 - https:\/\/yoast.com\/wordpress\/plugins\/seo\/ -->\n<meta name=\"robots\" content=\"index, follow, max-snippet:-1, max-image-preview:large, max-video-preview:-1\" \/>\n<link rel=\"canonical\" href=\"https:\/\/www.eeg-biofeedback-hradec.cz\/poradna\/terapie-pevneho-objeti\/\" \/>\n<meta property=\"og:locale\" content=\"cs_CZ\" \/>\n<meta property=\"og:type\" content=\"article\" \/>\n<meta property=\"og:title\" content=\"Terapie pevn\u00e9ho objet\u00ed - Poradna pro osobn\u00ed a rodinn\u00e9 vztahy | Radom\u00edr a Petra Noskovi | Hradec Kr\u00e1lov\u00e9\" \/>\n<meta property=\"og:description\" content=\"Pevn\u00e9 objet\u00ed je terapeutick\u00e1 metoda od sv\u011btozn\u00e1m\u00e9 d\u011btsk\u00e9 psycholo\u017eky PhDr. Ji\u0159iny Prekopov\u00e9 p\u016fsob\u00edc\u00ed v N\u011bmecku. Sv\u00e1 centra m\u00e1 i u n\u00e1s (Brno), v Polsku, \u0160pan\u011blsku, Mexiku, a dal\u0161\u00edch zem\u00edch. P\u0159edn\u00e1\u0161\u00ed po cel\u00e9m sv\u011bt\u011b. Co je to vlastn\u011b pevn\u00e9 objet\u00ed? Je to \u0161ance pro dva osudov\u011b \u00fazce spjat\u00e9 lidi vyj\u00e1d\u0159it bolestiv\u00fd, slovn\u011b nezvl\u00e1dnuteln\u00fd vztahov\u00fd konflikt, urovnat... View Article\" \/>\n<meta property=\"og:url\" content=\"https:\/\/www.eeg-biofeedback-hradec.cz\/poradna\/terapie-pevneho-objeti\/\" \/>\n<meta property=\"og:site_name\" content=\"Poradna pro osobn\u00ed a rodinn\u00e9 vztahy | Radom\u00edr a Petra Noskovi | Hradec Kr\u00e1lov\u00e9\" \/>\n<meta name=\"twitter:card\" content=\"summary_large_image\" \/>\n<meta name=\"twitter:label1\" content=\"Odhadovan\u00e1 doba \u010dten\u00ed\" \/>\n\t<meta name=\"twitter:data1\" content=\"5 minut\" \/>\n<script type=\"application\/ld+json\" class=\"yoast-schema-graph\">{\"@context\":\"https:\/\/schema.org\",\"@graph\":[{\"@type\":\"WebSite\",\"@id\":\"https:\/\/www.eeg-biofeedback-hradec.cz\/poradna\/#website\",\"url\":\"https:\/\/www.eeg-biofeedback-hradec.cz\/poradna\/\",\"name\":\"Poradna pro osobn\\u00ed a rodinn\\u00e9 vztahy | Radom\\u00edr a Petra Noskovi | Hradec Kr\\u00e1lov\\u00e9\",\"description\":\"\",\"potentialAction\":[{\"@type\":\"SearchAction\",\"target\":{\"@type\":\"EntryPoint\",\"urlTemplate\":\"https:\/\/www.eeg-biofeedback-hradec.cz\/poradna\/?s={search_term_string}\"},\"query-input\":\"required name=search_term_string\"}],\"inLanguage\":\"cs\"},{\"@type\":\"WebPage\",\"@id\":\"https:\/\/www.eeg-biofeedback-hradec.cz\/poradna\/terapie-pevneho-objeti\/#webpage\",\"url\":\"https:\/\/www.eeg-biofeedback-hradec.cz\/poradna\/terapie-pevneho-objeti\/\",\"name\":\"Terapie pevn\\u00e9ho objet\\u00ed - Poradna pro osobn\\u00ed a rodinn\\u00e9 vztahy | Radom\\u00edr a Petra Noskovi | Hradec Kr\\u00e1lov\\u00e9\",\"isPartOf\":{\"@id\":\"https:\/\/www.eeg-biofeedback-hradec.cz\/poradna\/#website\"},\"datePublished\":\"2017-02-17T17:24:23+00:00\",\"dateModified\":\"2017-02-17T17:24:23+00:00\",\"breadcrumb\":{\"@id\":\"https:\/\/www.eeg-biofeedback-hradec.cz\/poradna\/terapie-pevneho-objeti\/#breadcrumb\"},\"inLanguage\":\"cs\",\"potentialAction\":[{\"@type\":\"ReadAction\",\"target\":[\"https:\/\/www.eeg-biofeedback-hradec.cz\/poradna\/terapie-pevneho-objeti\/\"]}]},{\"@type\":\"BreadcrumbList\",\"@id\":\"https:\/\/www.eeg-biofeedback-hradec.cz\/poradna\/terapie-pevneho-objeti\/#breadcrumb\",\"itemListElement\":[{\"@type\":\"ListItem\",\"position\":1,\"name\":\"Dom\\u016f\",\"item\":\"https:\/\/www.eeg-biofeedback-hradec.cz\/poradna\/\"},{\"@type\":\"ListItem\",\"position\":2,\"name\":\"Terapie pevn\\u00e9ho objet\\u00ed\"}]}]}<\/script>\n<!-- \/ Yoast SEO plugin. -->","yoast_head_json":{"robots":{"index":"index","follow":"follow","max-snippet":"max-snippet:-1","max-image-preview":"max-image-preview:large","max-video-preview":"max-video-preview:-1"},"canonical":"https:\/\/www.eeg-biofeedback-hradec.cz\/poradna\/terapie-pevneho-objeti\/","og_locale":"cs_CZ","og_type":"article","og_title":"Terapie pevn\u00e9ho objet\u00ed - Poradna pro osobn\u00ed a rodinn\u00e9 vztahy | Radom\u00edr a Petra Noskovi | Hradec Kr\u00e1lov\u00e9","og_description":"Pevn\u00e9 objet\u00ed je terapeutick\u00e1 metoda od sv\u011btozn\u00e1m\u00e9 d\u011btsk\u00e9 psycholo\u017eky PhDr. Ji\u0159iny Prekopov\u00e9 p\u016fsob\u00edc\u00ed v N\u011bmecku. Sv\u00e1 centra m\u00e1 i u n\u00e1s (Brno), v Polsku, \u0160pan\u011blsku, Mexiku, a dal\u0161\u00edch zem\u00edch. P\u0159edn\u00e1\u0161\u00ed po cel\u00e9m sv\u011bt\u011b. Co je to vlastn\u011b pevn\u00e9 objet\u00ed? Je to \u0161ance pro dva osudov\u011b \u00fazce spjat\u00e9 lidi vyj\u00e1d\u0159it bolestiv\u00fd, slovn\u011b nezvl\u00e1dnuteln\u00fd vztahov\u00fd konflikt, urovnat... View Article","og_url":"https:\/\/www.eeg-biofeedback-hradec.cz\/poradna\/terapie-pevneho-objeti\/","og_site_name":"Poradna pro osobn\u00ed a rodinn\u00e9 vztahy | Radom\u00edr a Petra Noskovi | Hradec Kr\u00e1lov\u00e9","twitter_card":"summary_large_image","twitter_misc":{"Odhadovan\u00e1 doba \u010dten\u00ed":"5 minut"},"schema":{"@context":"https:\/\/schema.org","@graph":[{"@type":"WebSite","@id":"https:\/\/www.eeg-biofeedback-hradec.cz\/poradna\/#website","url":"https:\/\/www.eeg-biofeedback-hradec.cz\/poradna\/","name":"Poradna pro osobn\u00ed a rodinn\u00e9 vztahy | Radom\u00edr a Petra Noskovi | Hradec Kr\u00e1lov\u00e9","description":"","potentialAction":[{"@type":"SearchAction","target":{"@type":"EntryPoint","urlTemplate":"https:\/\/www.eeg-biofeedback-hradec.cz\/poradna\/?s={search_term_string}"},"query-input":"required name=search_term_string"}],"inLanguage":"cs"},{"@type":"WebPage","@id":"https:\/\/www.eeg-biofeedback-hradec.cz\/poradna\/terapie-pevneho-objeti\/#webpage","url":"https:\/\/www.eeg-biofeedback-hradec.cz\/poradna\/terapie-pevneho-objeti\/","name":"Terapie pevn\u00e9ho objet\u00ed - Poradna pro osobn\u00ed a rodinn\u00e9 vztahy | Radom\u00edr a Petra Noskovi | Hradec Kr\u00e1lov\u00e9","isPartOf":{"@id":"https:\/\/www.eeg-biofeedback-hradec.cz\/poradna\/#website"},"datePublished":"2017-02-17T17:24:23+00:00","dateModified":"2017-02-17T17:24:23+00:00","breadcrumb":{"@id":"https:\/\/www.eeg-biofeedback-hradec.cz\/poradna\/terapie-pevneho-objeti\/#breadcrumb"},"inLanguage":"cs","potentialAction":[{"@type":"ReadAction","target":["https:\/\/www.eeg-biofeedback-hradec.cz\/poradna\/terapie-pevneho-objeti\/"]}]},{"@type":"BreadcrumbList","@id":"https:\/\/www.eeg-biofeedback-hradec.cz\/poradna\/terapie-pevneho-objeti\/#breadcrumb","itemListElement":[{"@type":"ListItem","position":1,"name":"Dom\u016f","item":"https:\/\/www.eeg-biofeedback-hradec.cz\/poradna\/"},{"@type":"ListItem","position":2,"name":"Terapie pevn\u00e9ho objet\u00ed"}]}]}},"_links":{"self":[{"href":"https:\/\/www.eeg-biofeedback-hradec.cz\/poradna\/wp-json\/wp\/v2\/pages\/34"}],"collection":[{"href":"https:\/\/www.eeg-biofeedback-hradec.cz\/poradna\/wp-json\/wp\/v2\/pages"}],"about":[{"href":"https:\/\/www.eeg-biofeedback-hradec.cz\/poradna\/wp-json\/wp\/v2\/types\/page"}],"author":[{"embeddable":true,"href":"https:\/\/www.eeg-biofeedback-hradec.cz\/poradna\/wp-json\/wp\/v2\/users\/1"}],"replies":[{"embeddable":true,"href":"https:\/\/www.eeg-biofeedback-hradec.cz\/poradna\/wp-json\/wp\/v2\/comments?post=34"}],"version-history":[{"count":1,"href":"https:\/\/www.eeg-biofeedback-hradec.cz\/poradna\/wp-json\/wp\/v2\/pages\/34\/revisions"}],"predecessor-version":[{"id":35,"href":"https:\/\/www.eeg-biofeedback-hradec.cz\/poradna\/wp-json\/wp\/v2\/pages\/34\/revisions\/35"}],"wp:attachment":[{"href":"https:\/\/www.eeg-biofeedback-hradec.cz\/poradna\/wp-json\/wp\/v2\/media?parent=34"}],"curies":[{"name":"wp","href":"https:\/\/api.w.org\/{rel}","templated":true}]}}